Last updated on 2025-05-13 10:51:18 CEST.
Flavor | Version | Tinstall | Tcheck | Ttotal | Status | Flags |
---|---|---|---|---|---|---|
r-devel-linux-x86_64-debian-clang | 3.0-9 | 8.76 | 51.69 | 60.45 | NOTE | |
r-devel-linux-x86_64-debian-gcc | 3.0-9 | 6.74 | 35.37 | 42.11 | NOTE | |
r-devel-linux-x86_64-fedora-clang | 3.0-9 | 96.59 | NOTE | |||
r-devel-linux-x86_64-fedora-gcc | 3.0-9 | 93.61 | NOTE | |||
r-devel-windows-x86_64 | 3.0-9 | 13.00 | 77.00 | 90.00 | NOTE | |
r-patched-linux-x86_64 | 3.0-9 | 10.25 | 48.59 | 58.84 | NOTE | |
r-release-linux-x86_64 | 3.0-9 | 8.01 | 48.91 | 56.92 | NOTE | |
r-release-macos-arm64 | 3.0-9 | 28.00 | NOTE | |||
r-release-macos-x86_64 | 3.0-9 | 51.00 | NOTE | |||
r-release-windows-x86_64 | 3.0-9 | 13.00 | 80.00 | 93.00 | NOTE | |
r-oldrel-macos-arm64 | 3.0-9 | 26.00 | NOTE | |||
r-oldrel-macos-x86_64 | 3.0-9 | 48.00 | NOTE | |||
r-oldrel-windows-x86_64 | 3.0-9 | 13.00 | 85.00 | 98.00 | NOTE |
Version: 3.0-9
Check: CRAN incoming feasibility
Result: NOTE
Maintainer: ‘Rolf Turner <r.turner@auckland.ac.nz>’
No Authors@R field in DESCRIPTION.
Please add one, modifying
Authors@R: person(given = "Rolf",
family = "Turner",
role = c("aut", "cre"),
email = "r.turner@auckland.ac.nz")
as necessary.
Flavors: r-devel-linux-x86_64-debian-clang, r-devel-linux-x86_64-debian-gcc
Version: 3.0-9
Check: Rd files
Result: NOTE
checkRd: (-1) nafracCalc.Rd:45: Lost braces
45 | as if code{y} were not of class \code{"multipleHmmDataSets"}.
| ^
Flavors: r-devel-linux-x86_64-debian-clang, r-devel-linux-x86_64-debian-gcc, r-devel-linux-x86_64-fedora-clang, r-devel-linux-x86_64-fedora-gcc, r-devel-windows-x86_64, r-patched-linux-x86_64, r-release-linux-x86_64, r-release-macos-arm64, r-release-macos-x86_64, r-release-windows-x86_64, r-oldrel-macos-arm64, r-oldrel-macos-x86_64, r-oldrel-windows-x86_64