Last updated on 2024-04-24 11:20:52 CEST.
Flavor | Version | Tinstall | Tcheck | Ttotal | Status | Flags |
---|---|---|---|---|---|---|
r-devel-linux-x86_64-debian-clang | 0.2-2 | 4.70 | 49.97 | 54.67 | NOTE | |
r-devel-linux-x86_64-debian-gcc | 0.2-2 | 3.58 | 36.70 | 40.28 | NOTE | |
r-devel-linux-x86_64-fedora-clang | 0.2-2 | 68.18 | NOTE | |||
r-devel-linux-x86_64-fedora-gcc | 0.2-2 | 66.94 | NOTE | |||
r-devel-windows-x86_64 | 0.2-2 | 4.00 | 54.00 | 58.00 | NOTE | |
r-patched-linux-x86_64 | 0.2-2 | 5.56 | 47.88 | 53.44 | NOTE | |
r-release-linux-x86_64 | 0.2-2 | 4.88 | 48.25 | 53.13 | NOTE | |
r-release-macos-arm64 | 0.2-2 | 23.00 | NOTE | |||
r-release-windows-x86_64 | 0.2-2 | 5.00 | 54.00 | 59.00 | NOTE | |
r-oldrel-macos-arm64 | 0.2-2 | 22.00 | OK | |||
r-oldrel-macos-x86_64 | 0.2-2 | 35.00 | NOTE | |||
r-oldrel-windows-x86_64 | 0.2-2 | 8.00 | 65.00 | 73.00 | NOTE |
Version: 0.2-2
Check: package dependencies
Result: NOTE
Package which this enhances but not available for checking: ‘HadoopStreaming’
Flavors: r-devel-linux-x86_64-debian-clang, r-devel-linux-x86_64-debian-gcc, r-devel-linux-x86_64-fedora-clang, r-devel-linux-x86_64-fedora-gcc, r-devel-windows-x86_64, r-patched-linux-x86_64, r-release-linux-x86_64, r-release-macos-arm64, r-release-windows-x86_64, r-oldrel-macos-x86_64, r-oldrel-windows-x86_64