CRAN Package Check Results for Package hit

Last updated on 2022-07-07 12:55:25 CEST.

Flavor Version Tinstall Tcheck Ttotal Status Flags
r-devel-linux-x86_64-debian-clang 0.4.0 28.81 103.21 132.02 OK
r-devel-linux-x86_64-debian-gcc 0.4.0 23.22 77.37 100.59 OK
r-devel-linux-x86_64-fedora-clang 0.4.0 167.28 NOTE
r-devel-linux-x86_64-fedora-gcc 0.4.0 164.11 NOTE
r-devel-windows-x86_64 0.4.0 28.00 142.00 170.00 OK
r-patched-linux-x86_64 0.4.0 22.72 101.42 124.14 OK
r-release-linux-x86_64 0.4.0 25.10 98.77 123.87 OK
r-release-macos-arm64 0.4.0 45.00 OK
r-release-macos-x86_64 0.4.0 63.00 OK
r-release-windows-x86_64 0.4.0 32.00 148.00 180.00 OK
r-oldrel-macos-arm64 0.4.0 49.00 OK
r-oldrel-macos-x86_64 0.4.0 70.00 OK
r-oldrel-windows-ix86+x86_64 0.4.0 64.00 190.00 254.00 OK

Check Details

Version: 0.4.0
Check: compiled code
Result: NOTE
    File ‘hit/libs/hit.so’:
     Found no calls to: ‘R_registerRoutines’, ‘R_useDynamicSymbols’
    
    It is good practice to register native routines and to disable symbol
    search.
    
    See ‘Writing portable packages’ in the ‘Writing R Extensions’ manual.
Flavors: r-devel-linux-x86_64-fedora-clang, r-devel-linux-x86_64-fedora-gcc