CRAN Package Check Results for Package historicalborrowlong

Last updated on 2023-02-07 11:52:10 CET.

Flavor Version Tinstall Tcheck Ttotal Status Flags
r-devel-linux-x86_64-debian-clang 0.0.5 181.36 248.29 429.65 NOTE
r-devel-linux-x86_64-debian-gcc 0.0.5 152.00 188.19 340.19 NOTE
r-devel-linux-x86_64-fedora-clang 0.0.5 558.45 NOTE
r-devel-linux-x86_64-fedora-gcc 0.0.5 582.77 NOTE
r-devel-windows-x86_64 0.0.5 418.00 299.00 717.00 NOTE
r-patched-linux-x86_64 0.0.5 138.33 236.75 375.08 NOTE
r-release-linux-x86_64 0.0.5 138.65 253.67 392.32 NOTE
r-release-macos-arm64 0.0.5 144.00 NOTE
r-release-macos-x86_64 0.0.5 199.00 NOTE
r-release-windows-x86_64 0.0.5 251.00 320.00 571.00 NOTE
r-oldrel-macos-arm64 0.0.5 142.00 NOTE
r-oldrel-macos-x86_64 0.0.5 204.00 NOTE
r-oldrel-windows-ix86+x86_64 0.0.5 375.00 422.00 797.00 NOTE

Check Details

Version: 0.0.5
Check: C++ specification
Result: NOTE
     Specified C++14: please update to current default of C++17
Flavors: r-devel-linux-x86_64-debian-clang, r-devel-linux-x86_64-debian-gcc, r-devel-linux-x86_64-fedora-clang, r-devel-windows-x86_64

Version: 0.0.5
Check: for GNU extensions in Makefiles
Result: NOTE
    GNU make is a SystemRequirements.
Flavors: r-devel-linux-x86_64-debian-clang, r-devel-linux-x86_64-debian-gcc, r-devel-linux-x86_64-fedora-clang, r-devel-linux-x86_64-fedora-gcc, r-devel-windows-x86_64, r-patched-linux-x86_64, r-release-linux-x86_64, r-release-macos-arm64, r-release-macos-x86_64, r-release-windows-x86_64, r-oldrel-macos-arm64, r-oldrel-macos-x86_64, r-oldrel-windows-ix86+x86_64

Version: 0.0.5
Check: C++ specification
Result: NOTE
     Specified C++14: please drop specification unless essential
Flavor: r-devel-linux-x86_64-fedora-gcc

Version: 0.0.5
Check: installed package size
Result: NOTE
     installed size is 41.0Mb
     sub-directories of 1Mb or more:
     libs 40.6Mb
Flavors: r-release-macos-arm64, r-release-macos-x86_64, r-oldrel-macos-arm64, r-oldrel-macos-x86_64