Last updated on 2025-04-29 12:52:38 CEST.
Flavor | Version | Tinstall | Tcheck | Ttotal | Status | Flags |
---|---|---|---|---|---|---|
r-devel-linux-x86_64-debian-clang | 0.7-1 | 2.19 | 17.45 | 19.64 | NOTE | |
r-devel-linux-x86_64-debian-gcc | 0.7-1 | 1.89 | 14.54 | 16.43 | NOTE | |
r-devel-linux-x86_64-fedora-clang | 0.7-1 | 31.49 | OK | |||
r-devel-linux-x86_64-fedora-gcc | 0.7-1 | 29.50 | OK | |||
r-devel-windows-x86_64 | 0.7-1 | 5.00 | 39.00 | 44.00 | OK | |
r-patched-linux-x86_64 | 0.7-1 | 1.99 | 16.69 | 18.68 | OK | |
r-release-linux-x86_64 | 0.7-1 | 2.27 | 16.83 | 19.10 | OK | |
r-release-macos-arm64 | 0.7-1 | 16.00 | OK | |||
r-release-macos-x86_64 | 0.7-1 | 24.00 | OK | |||
r-release-windows-x86_64 | 0.7-1 | 5.00 | 44.00 | 49.00 | OK | |
r-oldrel-macos-arm64 | 0.7-1 | 15.00 | OK | |||
r-oldrel-macos-x86_64 | 0.7-1 | 22.00 | OK | |||
r-oldrel-windows-x86_64 | 0.7-1 | 4.00 | 39.00 | 43.00 | OK |
Version: 0.7-1
Check: CRAN incoming feasibility
Result: NOTE
Maintainer: ‘Jouke Witteveen <j.witteveen@gmail.com>’
No Authors@R field in DESCRIPTION.
Please add one, modifying
Authors@R: person(given = "Jouke",
family = "Witteveen",
role = c("aut", "cre"),
email = "j.witteveen@gmail.com")
as necessary.
Flavors: r-devel-linux-x86_64-debian-clang, r-devel-linux-x86_64-debian-gcc