Last updated on 2022-07-02 12:53:05 CEST.
Flavor | Version | Tinstall | Tcheck | Ttotal | Status | Flags |
---|---|---|---|---|---|---|
r-devel-linux-x86_64-debian-clang | 0.2.2 | 137.45 | 51.55 | 189.00 | NOTE | |
r-devel-linux-x86_64-debian-gcc | 0.2.2 | 117.36 | 39.05 | 156.41 | NOTE | |
r-devel-linux-x86_64-fedora-clang | 0.2.2 | 297.95 | NOTE | |||
r-devel-linux-x86_64-fedora-gcc | 0.2.2 | 267.05 | NOTE | |||
r-devel-windows-x86_64 | 0.2.2 | 126.00 | 99.00 | 225.00 | NOTE | |
r-patched-linux-x86_64 | 0.2.2 | 128.03 | 49.64 | 177.67 | NOTE | |
r-release-linux-x86_64 | 0.2.2 | 124.50 | 48.48 | 172.98 | NOTE | |
r-release-macos-arm64 | 0.2.2 | 63.00 | NOTE | |||
r-release-macos-x86_64 | 0.2.2 | 91.00 | NOTE | |||
r-release-windows-x86_64 | 0.2.2 | 184.00 | 96.00 | 280.00 | NOTE | |
r-oldrel-macos-arm64 | 0.2.2 | 74.00 | NOTE | |||
r-oldrel-macos-x86_64 | 0.2.2 | 103.00 | NOTE | |||
r-oldrel-windows-ix86+x86_64 | 0.2.2 | 404.00 | 109.00 | 513.00 | NOTE |
Version: 0.2.2
Check: LazyData
Result: NOTE
'LazyData' is specified without a 'data' directory
Flavors: r-devel-linux-x86_64-debian-clang, r-devel-linux-x86_64-debian-gcc, r-devel-linux-x86_64-fedora-clang, r-devel-linux-x86_64-fedora-gcc, r-devel-windows-x86_64, r-patched-linux-x86_64, r-release-linux-x86_64, r-release-macos-arm64, r-release-macos-x86_64, r-release-windows-x86_64, r-oldrel-macos-arm64, r-oldrel-macos-x86_64, r-oldrel-windows-ix86+x86_64
Version: 0.2.2
Check: installed package size
Result: NOTE
installed size is 5.1Mb
sub-directories of 1Mb or more:
libs 4.7Mb
Flavors: r-release-macos-arm64, r-oldrel-macos-arm64