CRAN Package Check Results for Package hindex

Last updated on 2022-06-29 11:52:11 CEST.

Flavor Version Tinstall Tcheck Ttotal Status Flags
r-devel-linux-x86_64-debian-clang 0.2.0 3.53 40.01 43.54 NOTE
r-devel-linux-x86_64-debian-gcc 0.2.0 2.92 30.21 33.13 NOTE
r-devel-linux-x86_64-fedora-clang 0.2.0 62.18 NOTE
r-devel-linux-x86_64-fedora-gcc 0.2.0 61.51 NOTE
r-devel-windows-x86_64 0.2.0 12.00 69.00 81.00 NOTE
r-patched-linux-x86_64 0.2.0 4.17 37.95 42.12 NOTE
r-release-linux-x86_64 0.2.0 3.44 37.22 40.66 NOTE
r-release-macos-arm64 0.2.0 20.00 NOTE
r-release-macos-x86_64 0.2.0 34.00 NOTE
r-release-windows-x86_64 0.2.0 15.00 70.00 85.00 NOTE
r-oldrel-macos-arm64 0.2.0 26.00 NOTE
r-oldrel-macos-x86_64 0.2.0 29.00 NOTE
r-oldrel-windows-ix86+x86_64 0.2.0 7.00 58.00 65.00 NOTE

Check Details

Version: 0.2.0
Check: LazyData
Result: NOTE
     'LazyData' is specified without a 'data' directory
Flavors: r-devel-linux-x86_64-debian-clang, r-devel-linux-x86_64-debian-gcc, r-devel-linux-x86_64-fedora-clang, r-devel-linux-x86_64-fedora-gcc, r-devel-windows-x86_64, r-patched-linux-x86_64, r-release-linux-x86_64, r-release-macos-arm64, r-release-macos-x86_64, r-release-windows-x86_64, r-oldrel-macos-arm64, r-oldrel-macos-x86_64, r-oldrel-windows-ix86+x86_64