CRAN Package Check Results for Package himach

Last updated on 2025-05-07 11:55:31 CEST.

Flavor Version Tinstall Tcheck Ttotal Status Flags
r-devel-linux-x86_64-debian-clang 0.3.2 11.49 157.48 168.97 NOTE
r-devel-linux-x86_64-debian-gcc 0.3.2 7.52 110.63 118.15 NOTE
r-devel-linux-x86_64-fedora-clang 0.3.2 250.86 NOTE
r-devel-linux-x86_64-fedora-gcc 0.3.2 268.95 NOTE
r-devel-windows-x86_64 0.3.2 12.00 157.00 169.00 NOTE
r-patched-linux-x86_64 0.3.2 10.81 146.40 157.21 NOTE
r-release-linux-x86_64 0.3.2 11.04 148.10 159.14 NOTE
r-release-macos-arm64 0.3.2 77.00 NOTE
r-release-macos-x86_64 0.3.2 164.00 NOTE
r-release-windows-x86_64 0.3.2 13.00 152.00 165.00 NOTE
r-oldrel-macos-arm64 0.3.2 74.00 OK
r-oldrel-macos-x86_64 0.3.2 118.00 OK
r-oldrel-windows-x86_64 0.3.2 16.00 193.00 209.00 OK

Check Details

Version: 0.3.2
Check: DESCRIPTION meta-information
Result: NOTE Missing dependency on R >= 4.1.0 because package code uses the pipe |> or function shorthand \(...) syntax added in R 4.1.0. File(s) using such syntax: ‘maps.R’ ‘utils.R’ Flavors: r-devel-linux-x86_64-debian-clang, r-devel-linux-x86_64-debian-gcc, r-devel-linux-x86_64-fedora-clang, r-devel-linux-x86_64-fedora-gcc, r-devel-windows-x86_64, r-patched-linux-x86_64, r-release-linux-x86_64, r-release-macos-arm64, r-release-macos-x86_64, r-release-windows-x86_64