Last updated on 2024-04-18 12:52:47 CEST.
Flavor | Version | Tinstall | Tcheck | Ttotal | Status | Flags |
---|---|---|---|---|---|---|
r-devel-linux-x86_64-debian-clang | 0.1-10 | 595.63 | 34.28 | 629.91 | NOTE | |
r-devel-linux-x86_64-debian-gcc | 0.1-10 | 732.07 | 25.19 | 757.26 | NOTE | |
r-devel-linux-x86_64-fedora-clang | 0.1-10 | 1085.22 | NOTE | |||
r-devel-linux-x86_64-fedora-gcc | 0.1-10 | 1376.32 | NOTE | |||
r-prerel-macos-arm64 | 0.1-10 | 194.00 | NOTE | |||
r-prerel-windows-x86_64 | 0.1-10 | 569.00 | 91.00 | 660.00 | NOTE | |
r-patched-linux-x86_64 | 0.1-10 | 947.87 | 32.30 | 980.17 | NOTE | |
r-release-linux-x86_64 | 0.1-10 | 953.43 | 31.71 | 985.14 | NOTE | |
r-release-macos-arm64 | 0.1-10 | 237.00 | NOTE | |||
r-release-macos-x86_64 | 0.1-10 | 181.00 | NOTE | |||
r-release-windows-x86_64 | 0.1-10 | 523.00 | 101.00 | 624.00 | NOTE | |
r-oldrel-macos-arm64 | 0.1-10 | 230.00 | NOTE | |||
r-oldrel-windows-x86_64 | 0.1-10 | 655.00 | 90.00 | 745.00 | OK |
Version: 0.1-10
Check: C++ specification
Result: NOTE
Specified C++11: please drop specification unless essential
Flavors: r-devel-linux-x86_64-debian-clang, r-devel-linux-x86_64-debian-gcc, r-devel-linux-x86_64-fedora-clang, r-devel-linux-x86_64-fedora-gcc, r-prerel-macos-arm64, r-prerel-windows-x86_64, r-patched-linux-x86_64, r-release-linux-x86_64, r-release-macos-arm64, r-release-macos-x86_64, r-release-windows-x86_64
Version: 0.1-10
Check: installed package size
Result: NOTE
installed size is 46.0Mb
sub-directories of 1Mb or more:
libs 45.8Mb
Flavors: r-prerel-macos-arm64, r-release-macos-arm64, r-release-macos-x86_64, r-oldrel-macos-arm64