Last updated on 2022-06-30 11:53:09 CEST.
Flavor | Version | Tinstall | Tcheck | Ttotal | Status | Flags |
---|---|---|---|---|---|---|
r-devel-linux-x86_64-debian-clang | 1.4.7 | 15.96 | 169.46 | 185.42 | NOTE | |
r-devel-linux-x86_64-debian-gcc | 1.4.7 | 14.00 | 125.98 | 139.98 | NOTE | |
r-devel-linux-x86_64-fedora-clang | 1.4.7 | 231.25 | OK | |||
r-devel-linux-x86_64-fedora-gcc | 1.4.7 | 232.43 | OK | |||
r-devel-windows-x86_64 | 1.4.7 | 107.00 | 190.00 | 297.00 | NOTE | |
r-patched-linux-x86_64 | 1.4.7 | 14.95 | 160.59 | 175.54 | NOTE | |
r-release-linux-x86_64 | 1.4.7 | 11.38 | 158.89 | 170.27 | NOTE | |
r-release-macos-arm64 | 1.4.7 | 63.00 | NOTE | |||
r-release-macos-x86_64 | 1.4.7 | 105.00 | NOTE | |||
r-release-windows-x86_64 | 1.4.7 | 59.00 | 183.00 | 242.00 | NOTE | |
r-oldrel-macos-arm64 | 1.4.7 | 61.00 | NOTE | |||
r-oldrel-macos-x86_64 | 1.4.7 | 83.00 | NOTE | |||
r-oldrel-windows-ix86+x86_64 | 1.4.7 | 39.00 | 189.00 | 228.00 | OK |
Version: 1.4.7
Check: package dependencies
Result: NOTE
Package suggested but not available for checking: 'INLA'
Flavors: r-devel-linux-x86_64-debian-clang, r-devel-linux-x86_64-debian-gcc, r-devel-windows-x86_64, r-patched-linux-x86_64, r-release-linux-x86_64, r-release-macos-arm64, r-release-macos-x86_64, r-release-windows-x86_64, r-oldrel-macos-arm64, r-oldrel-macos-x86_64