CRAN Package Check Results for Package hht

Last updated on 2022-08-08 10:56:24 CEST.

Flavor Version Tinstall Tcheck Ttotal Status Flags
r-devel-linux-x86_64-debian-clang 2.1.4 10.45 104.15 114.60 OK
r-devel-linux-x86_64-debian-gcc 2.1.4 8.12 78.75 86.87 OK
r-devel-linux-x86_64-fedora-clang 2.1.4 144.45 NOTE
r-devel-linux-x86_64-fedora-gcc 2.1.4 142.57 NOTE
r-devel-windows-x86_64 2.1.4 19.00 130.00 149.00 OK
r-patched-linux-x86_64 2.1.4 7.34 99.92 107.26 OK
r-release-linux-x86_64 2.1.4 OK
r-release-macos-arm64 2.1.4 42.00 NOTE
r-release-macos-x86_64 2.1.4 73.00 NOTE
r-release-windows-x86_64 2.1.4 17.00 126.00 143.00 OK
r-oldrel-macos-arm64 2.1.4 45.00 NOTE
r-oldrel-macos-x86_64 2.1.4 82.00 NOTE
r-oldrel-windows-ix86+x86_64 2.1.4 23.00 124.00 147.00 OK

Check Details

Version: 2.1.4
Check: dependencies in R code
Result: NOTE
    Namespace in Imports field not imported from: ‘spatstat.linnet’
     All declared Imports should be used.
Flavors: r-devel-linux-x86_64-fedora-clang, r-devel-linux-x86_64-fedora-gcc, r-release-macos-arm64, r-release-macos-x86_64, r-oldrel-macos-arm64, r-oldrel-macos-x86_64