Last updated on 2024-04-17 10:41:38 CEST.
Flavor | Version | Tinstall | Tcheck | Ttotal | Status | Flags |
---|---|---|---|---|---|---|
r-devel-linux-x86_64-debian-clang | 1.0-1 | 6.80 | 40.90 | 47.70 | NOTE | |
r-devel-linux-x86_64-debian-gcc | 1.0-1 | 4.94 | 30.75 | 35.69 | NOTE | |
r-devel-linux-x86_64-fedora-clang | 1.0-1 | 57.06 | NOTE | |||
r-devel-linux-x86_64-fedora-gcc | 1.0-1 | 55.30 | NOTE | |||
r-prerel-macos-arm64 | 1.0-1 | 24.00 | NOTE | |||
r-prerel-windows-x86_64 | 1.0-1 | 6.00 | 51.00 | 57.00 | NOTE | |
r-patched-linux-x86_64 | 1.0-1 | 5.24 | 38.77 | 44.01 | NOTE | |
r-release-linux-x86_64 | 1.0-1 | 4.78 | 39.27 | 44.05 | NOTE | |
r-release-macos-arm64 | 1.0-1 | 23.00 | NOTE | |||
r-release-macos-x86_64 | 1.0-1 | 44.00 | NOTE | |||
r-release-windows-x86_64 | 1.0-1 | 7.00 | 56.00 | 63.00 | NOTE | |
r-oldrel-macos-arm64 | 1.0-1 | 23.00 | OK | |||
r-oldrel-windows-x86_64 | 1.0-1 | 8.00 | 57.00 | 65.00 | OK |
Version: 1.0-1
Check: Rd files
Result: NOTE
checkRd: (-1) ohio.Rd:104: Escaped LaTeX specials: \&
checkRd: (-1) ohio.Rd:105: Escaped LaTeX specials: \&
Flavors: r-devel-linux-x86_64-debian-clang, r-devel-linux-x86_64-debian-gcc, r-devel-linux-x86_64-fedora-clang, r-devel-linux-x86_64-fedora-gcc, r-prerel-macos-arm64, r-prerel-windows-x86_64, r-patched-linux-x86_64, r-release-linux-x86_64, r-release-macos-arm64, r-release-macos-x86_64, r-release-windows-x86_64