CRAN Package Check Results for Package hglm.data

Last updated on 2022-07-01 11:52:02 CEST.

Flavor Version Tinstall Tcheck Ttotal Status Flags
r-devel-linux-x86_64-debian-clang 1.0-1 6.22 37.46 43.68 NOTE
r-devel-linux-x86_64-debian-gcc 1.0-1 4.16 29.44 33.60 NOTE
r-devel-linux-x86_64-fedora-clang 1.0-1 63.17 NOTE
r-devel-linux-x86_64-fedora-gcc 1.0-1 61.68 NOTE
r-devel-windows-x86_64 1.0-1 14.00 63.00 77.00 NOTE
r-patched-linux-x86_64 1.0-1 6.61 36.67 43.28 OK
r-release-linux-x86_64 1.0-1 4.58 35.40 39.98 OK
r-release-macos-arm64 1.0-1 24.00 OK
r-release-macos-x86_64 1.0-1 32.00 OK
r-release-windows-x86_64 1.0-1 17.00 65.00 82.00 OK
r-oldrel-macos-arm64 1.0-1 29.00 OK
r-oldrel-macos-x86_64 1.0-1 43.00 OK
r-oldrel-windows-ix86+x86_64 1.0-1 14.00 59.00 73.00 OK

Check Details

Version: 1.0-1
Check: Rd files
Result: NOTE
    checkRd: (-1) ohio.Rd:104: Escaped LaTeX specials: \&
    checkRd: (-1) ohio.Rd:105: Escaped LaTeX specials: \&
Flavors: r-devel-linux-x86_64-debian-clang, r-devel-linux-x86_64-debian-gcc, r-devel-linux-x86_64-fedora-clang, r-devel-linux-x86_64-fedora-gcc, r-devel-windows-x86_64