CRAN Package Check Results for Package hglasso

Last updated on 2025-05-13 10:51:18 CEST.

Flavor Version Tinstall Tcheck Ttotal Status Flags
r-devel-linux-x86_64-debian-clang 1.3 7.34 57.82 65.16 NOTE
r-devel-linux-x86_64-debian-gcc 1.3 4.59 42.06 46.65 NOTE
r-devel-linux-x86_64-fedora-clang 1.3 101.23 OK
r-devel-linux-x86_64-fedora-gcc 1.3 96.79 OK
r-devel-windows-x86_64 1.3 8.00 70.00 78.00 NOTE
r-patched-linux-x86_64 1.3 7.15 55.15 62.30 NOTE
r-release-linux-x86_64 1.3 6.75 55.42 62.17 NOTE
r-release-macos-arm64 1.3 36.00 OK
r-release-macos-x86_64 1.3 55.00 OK
r-release-windows-x86_64 1.3 8.00 70.00 78.00 NOTE
r-oldrel-macos-arm64 1.3 30.00 OK
r-oldrel-macos-x86_64 1.3 44.00 OK
r-oldrel-windows-x86_64 1.3 10.00 82.00 92.00 OK

Check Details

Version: 1.3
Check: CRAN incoming feasibility
Result: NOTE Maintainer: ‘Kean Ming Tan <keanming@umich.edu>’ No Authors@R field in DESCRIPTION. Please add one, modifying Authors@R: person(given = c("Kean", "Ming"), family = "Tan", role = c("aut", "cre"), email = "keanming@umich.edu") as necessary. Flavors: r-devel-linux-x86_64-debian-clang, r-devel-linux-x86_64-debian-gcc

Version: 1.3
Check: Rd cross-references
Result: NOTE Found the following Rd file(s) with Rd \link{} targets missing package anchors: plot.hglasso.Rd: layout.kamada.kawai, plot.igraph Please provide package anchors for all Rd \link{} targets not in the package itself and the base packages. Flavors: r-devel-linux-x86_64-debian-clang, r-devel-linux-x86_64-debian-gcc, r-devel-windows-x86_64, r-patched-linux-x86_64, r-release-linux-x86_64, r-release-windows-x86_64