Last updated on 2025-04-29 12:52:38 CEST.
Flavor | Version | Tinstall | Tcheck | Ttotal | Status | Flags |
---|---|---|---|---|---|---|
r-devel-linux-x86_64-debian-clang | 0.1 | 4.07 | 17.73 | 21.80 | NOTE | |
r-devel-linux-x86_64-debian-gcc | 0.1 | 2.75 | 14.98 | 17.73 | NOTE | |
r-devel-linux-x86_64-fedora-clang | 0.1 | 33.71 | OK | |||
r-devel-linux-x86_64-fedora-gcc | 0.1 | 32.82 | OK | |||
r-devel-windows-x86_64 | 0.1 | 5.00 | 36.00 | 41.00 | OK | |
r-patched-linux-x86_64 | 0.1 | 3.76 | 17.07 | 20.83 | OK | |
r-release-linux-x86_64 | 0.1 | 4.17 | 17.01 | 21.18 | OK | |
r-release-macos-arm64 | 0.1 | 20.00 | OK | |||
r-release-macos-x86_64 | 0.1 | 24.00 | OK | |||
r-release-windows-x86_64 | 0.1 | 5.00 | 39.00 | 44.00 | OK | |
r-oldrel-macos-arm64 | 0.1 | 17.00 | OK | |||
r-oldrel-macos-x86_64 | 0.1 | 23.00 | OK | |||
r-oldrel-windows-x86_64 | 0.1 | 5.00 | 34.00 | 39.00 | OK |
Version: 0.1
Check: CRAN incoming feasibility
Result: NOTE
Maintainer: ‘Hadley Wickham <h.wickham@gmail.com>’
No Authors@R field in DESCRIPTION.
Please add one, modifying
Authors@R: person(given = "Hadley",
family = "Wickham",
role = c("aut", "cre"),
email = "h.wickham@gmail.com")
as necessary.
Flavors: r-devel-linux-x86_64-debian-clang, r-devel-linux-x86_64-debian-gcc