Last updated on 2024-08-31 11:49:30 CEST.
Flavor | Version | Tinstall | Tcheck | Ttotal | Status | Flags |
---|---|---|---|---|---|---|
r-devel-linux-x86_64-debian-clang | 1.28.3 | 9.09 | 62.36 | 71.45 | OK | |
r-devel-linux-x86_64-debian-gcc | 1.28.3 | 6.29 | 43.52 | 49.81 | OK | |
r-devel-linux-x86_64-fedora-clang | 1.28.3 | 119.17 | NOTE | |||
r-devel-linux-x86_64-fedora-gcc | 1.28.3 | 126.32 | NOTE | |||
r-devel-windows-x86_64 | 1.28.3 | 12.00 | 91.00 | 103.00 | NOTE | |
r-patched-linux-x86_64 | 1.28.3 | 8.66 | 58.48 | 67.14 | OK | |
r-release-linux-x86_64 | 1.28.3 | 7.52 | 58.91 | 66.43 | OK | |
r-release-macos-arm64 | 1.28.3 | 43.00 | OK | |||
r-release-macos-x86_64 | 1.28.3 | 66.00 | OK | |||
r-release-windows-x86_64 | 1.28.3 | 19.00 | 104.00 | 123.00 | OK | |
r-oldrel-macos-arm64 | 1.28.3 | 44.00 | OK | |||
r-oldrel-macos-x86_64 | 1.28.3 | 60.00 | NOTE | |||
r-oldrel-windows-x86_64 | 1.28.3 | 13.00 | 100.00 | 113.00 | OK |
Version: 1.28.3
Check: tests
Result: NOTE
Running ‘hdiffplot.R’
Comparing ‘hdiffplot.Rout’ to ‘hdiffplot.Rout.save’ ...12,13d11
< 3: In RNGkind("Marsaglia-Multicarry", "Buggy Kinderman-Ramage", "Rounding") :
< RNGkind: Marsaglia-Multicarry has poor statistical properties
Running ‘hray.R’
Comparing ‘hray.Rout’ to ‘hray.Rout.save’ ... OK
Running ‘large.R’
Comparing ‘large.Rout’ to ‘large.Rout.save’ ... OK
Running ‘viewp-ex.R’
Comparing ‘viewp-ex.Rout’ to ‘viewp-ex.Rout.save’ ... OK
Flavors: r-devel-linux-x86_64-fedora-clang, r-devel-linux-x86_64-fedora-gcc
Version: 1.28.3
Check: tests
Result: NOTE
Running 'hdiffplot.R' [1s]
Comparing 'hdiffplot.Rout' to 'hdiffplot.Rout.save' ...12,13d11
< 3: In RNGkind("Marsaglia-Multicarry", "Buggy Kinderman-Ramage", "Rounding") :
< RNGkind: Marsaglia-Multicarry has poor statistical properties
Running 'hray.R' [0s]
Comparing 'hray.Rout' to 'hray.Rout.save' ... OK
Running 'large.R' [0s]
Comparing 'large.Rout' to 'large.Rout.save' ... OK
Running 'viewp-ex.R' [0s]
Comparing 'viewp-ex.Rout' to 'viewp-ex.Rout.save' ... OK
Flavor: r-devel-windows-x86_64
Version: 1.28.3
Check: package dependencies
Result: NOTE
Packages suggested but not available for checking:
'marray', 'affy', 'Biobase', 'limma'
Flavor: r-oldrel-macos-x86_64
Version: 1.28.3
Check: Rd cross-references
Result: NOTE
Package unavailable to check Rd xrefs: ‘limma’
Flavor: r-oldrel-macos-x86_64
Version: 1.28.3
Check: re-building of vignette outputs
Result: NOTE
Note: skipping ‘hexagon_binning.Rnw’ due to unavailable dependencies:
'marray'
Flavor: r-oldrel-macos-x86_64