Last updated on 2024-03-28 09:51:44 CET.
Flavor | Version | Tinstall | Tcheck | Ttotal | Status | Flags |
---|---|---|---|---|---|---|
r-devel-linux-x86_64-debian-clang | 0.4.9 | 5.87 | 58.47 | 64.34 | NOTE | |
r-devel-linux-x86_64-debian-gcc | 0.4.9 | 5.35 | 46.15 | 51.50 | NOTE | |
r-devel-linux-x86_64-fedora-clang | 0.4.9 | 87.83 | NOTE | |||
r-devel-linux-x86_64-fedora-gcc | 0.4.9 | 80.61 | NOTE | |||
r-devel-windows-x86_64 | 0.4.9 | 7.00 | 62.00 | 69.00 | NOTE | |
r-patched-linux-x86_64 | 0.4.9 | 6.38 | 56.32 | 62.70 | NOTE | |
r-release-linux-x86_64 | 0.4.9 | 6.18 | 57.19 | 63.37 | NOTE | |
r-release-macos-arm64 | 0.4.9 | 28.00 | NOTE | |||
r-release-macos-x86_64 | 0.4.9 | 43.00 | NOTE | |||
r-release-windows-x86_64 | 0.4.9 | 10.00 | 74.00 | 84.00 | NOTE | |
r-oldrel-macos-arm64 | 0.4.9 | 29.00 | NOTE | |||
r-oldrel-windows-x86_64 | 0.4.9 | 10.00 | 79.00 | 89.00 | NOTE |
Version: 0.4.9
Check: LazyData
Result: NOTE
'LazyData' is specified without a 'data' directory
Flavors: r-devel-linux-x86_64-debian-clang, r-devel-linux-x86_64-debian-gcc, r-devel-linux-x86_64-fedora-clang, r-devel-linux-x86_64-fedora-gcc, r-devel-windows-x86_64, r-patched-linux-x86_64, r-release-linux-x86_64, r-release-macos-arm64, r-release-macos-x86_64, r-release-windows-x86_64, r-oldrel-macos-arm64, r-oldrel-windows-x86_64