Last updated on 2023-12-03 11:50:37 CET.
Flavor | Version | Tinstall | Tcheck | Ttotal | Status | Flags |
---|---|---|---|---|---|---|
r-devel-linux-x86_64-debian-clang | 0.8.0 | 8.18 | 71.31 | 79.49 | NOTE | |
r-devel-linux-x86_64-debian-gcc | 0.8.0 | 5.93 | 52.32 | 58.25 | NOTE | |
r-devel-linux-x86_64-fedora-clang | 0.8.0 | 99.29 | NOTE | |||
r-devel-linux-x86_64-fedora-gcc | 0.8.0 | 91.22 | NOTE | |||
r-devel-windows-x86_64 | 0.8.0 | 9.00 | 75.00 | 84.00 | NOTE | |
r-patched-linux-x86_64 | 0.8.0 | 4.99 | 64.99 | 69.98 | OK | |
r-release-linux-x86_64 | 0.8.0 | 4.77 | 65.80 | 70.57 | OK | |
r-release-macos-arm64 | 0.8.0 | 33.00 | OK | |||
r-release-macos-x86_64 | 0.8.0 | 50.00 | OK | |||
r-release-windows-x86_64 | 0.8.0 | 10.00 | 85.00 | 95.00 | OK | |
r-oldrel-macos-arm64 | 0.8.0 | 28.00 | OK | |||
r-oldrel-macos-x86_64 | 0.8.0 | 46.00 | OK | |||
r-oldrel-windows-x86_64 | 0.8.0 | 11.00 | 91.00 | 102.00 | ERROR |
Version: 0.8.0
Check: Rd files
Result: NOTE
checkRd: (-1) search_repo_logo.Rd:25: Lost braces; missing escapes or markup?
25 | look for, separated by |. {pkg_name} Can be used as a placeholder for
| ^
Flavors: r-devel-linux-x86_64-debian-clang, r-devel-linux-x86_64-debian-gcc
Version: 0.8.0
Check: Rd \usage sections
Result: NOTE
Documented arguments not in \usage in Rd file 'check_known_repos.Rd':
‘known_packages’
Functions with \usage entries need to have the appropriate \alias
entries, and all their arguments documented.
The \usage entries must correspond to syntactically valid R code.
See chapter ‘Writing R documentation files’ in the ‘Writing R
Extensions’ manual.
Flavors: r-devel-linux-x86_64-debian-clang, r-devel-linux-x86_64-debian-gcc, r-devel-linux-x86_64-fedora-clang, r-devel-linux-x86_64-fedora-gcc, r-devel-windows-x86_64
Version: 0.8.0
Check: tests
Result: ERROR
Running 'testthat.R' [8s]
Running the tests in 'tests/testthat.R' failed.
Complete output:
> library(testthat)
> library(httptest2)
> library(hexFinder)
>
> test_check("hexFinder")
No github personal access token provided.
Limited search rates for github will apply.
Set up github_pat environmental variable if you plan to query multiple repos in a short time
[ FAIL 2 | WARN 0 | SKIP 0 | PASS 33 ]
══ Failed tests ════════════════════════════════════════════════════════════════
── Error ('test-gather.R:76:5'): get_best_image ───────────────────────────────
<purrr_error_indexed/rlang_error/error/condition>
Error in `purrr::map(paths, function(entry) {
info <- magick::image_info(image_read(glue("{download_endpoint}/{branch}/{entry$path}")))
dimentions <- sort(c(info$width, info$height))
(dimentions[2]/dimentions[1])
})`: i In index: 1.
Caused by error:
! Rterm.exe: FailedToExecuteCommand `"inkscape" "D:/temp/RtmpaY595N/magick-Q9_xxk-I36MwVpoE9Xa-8AlpIS6inch6" --export-png="D:/temp/RtmpaY595N/magick-oz0SstjOITQlruHzmvDrHcMOOEDCS9Md.png" --export-dpi="96" --export-background="rgb(100%,100%,100%)" --export-background-opacity="1" > "D:/temp/RtmpaY595N/magick-CWxEWxhVRFR0Wk85rGN__9e3T_fIQ3Kk" 2>&1' (-1) @ error/delegate.c/ExternalDelegateCommand/514
Backtrace:
▆
1. ├─testthat::expect_type(...) at test-gather.R:76:5
2. │ └─testthat::quasi_label(enquo(object), arg = "object")
3. │ └─rlang::eval_bare(expr, quo_get_env(quo))
4. ├─hexFinder:::get_best_image(...)
5. │ ├─base::unlist(...)
6. │ └─purrr::map(...)
7. │ └─purrr:::map_("list", .x, .f, ..., .progress = .progress)
8. │ ├─purrr:::with_indexed_errors(...)
9. │ │ └─base::withCallingHandlers(...)
10. │ ├─purrr:::call_with_cleanup(...)
11. │ └─hexFinder (local) .f(.x[[i]], ...)
12. │ ├─magick::image_info(image_read(glue("{download_endpoint}/{branch}/{entry$path}")))
13. │ │ └─magick:::assert_image(image)
14. │ └─magick::image_read(glue("{download_endpoint}/{branch}/{entry$path}"))
15. │ └─magick:::magick_image_readpath(path, density, depth, strip, defines)
16. ├─base::stop(`<Mgck::ED>`)
17. └─purrr (local) `<fn>`(`<Mgck::ED>`)
18. └─cli::cli_abort(...)
19. └─rlang::abort(...)
── Error ('test-gather.R:97:5'): keep_good_ratio_images ────────────────────────
<purrr_error_indexed/rlang_error/error/condition>
Error in `purrr::keep(paths, function(entry) {
info <- magick::image_info(image_trim(image_read(glue("{download_endpoint}/{branch}/{entry$path}"))))
dimentions <- sort(c(info$width, info$height))
aspect_ratio <- dimentions[2]/dimentions[1]
if (aspect_ratio > 1.8) {
return(FALSE)
}
if (aspect_ratio > 1.151 && aspect_ratio < 1.154) {
return(TRUE)
}
if (info$width > 1279 || info$height > 1279) {
return(FALSE)
}
return(TRUE)
})`: i In index: 1.
Caused by error:
! Rterm.exe: FailedToExecuteCommand `"inkscape" "D:/temp/RtmpaY595N/magick-Ie8VKG2DfzhfmJf6Fk3h8_y0vJwLDM7a" --export-png="D:/temp/RtmpaY595N/magick-gFCxSGp1gG_g2Qn39Tkm9l0BtZj8nVDI.png" --export-dpi="96" --export-background="rgb(100%,100%,100%)" --export-background-opacity="1" > "D:/temp/RtmpaY595N/magick--ORnP-N0zAhRRCeEG88AKp2PFQNkz5Ip" 2>&1' (-1) @ error/delegate.c/ExternalDelegateCommand/514
Backtrace:
▆
1. ├─testthat::expect_type(...) at test-gather.R:97:5
2. │ └─testthat::quasi_label(enquo(object), arg = "object")
3. │ └─rlang::eval_bare(expr, quo_get_env(quo))
4. ├─hexFinder:::keep_good_ratio_images(...)
5. │ └─purrr::keep(...)
6. │ └─purrr:::where_if(.x, .p, ...)
7. │ └─purrr:::map_(.x, .p, ..., .type = "logical", .purrr_error_call = .purrr_error_call)
8. │ ├─purrr:::with_indexed_errors(...)
9. │ │ └─base::withCallingHandlers(...)
10. │ ├─purrr:::call_with_cleanup(...)
11. │ └─purrr (local) .f(.x[[i]], ...)
12. │ └─hexFinder (local) .fn(...)
13. │ ├─magick::image_info(image_trim(image_read(glue("{download_endpoint}/{branch}/{entry$path}"))))
14. │ │ └─magick:::assert_image(image)
15. │ ├─magick::image_trim(image_read(glue("{download_endpoint}/{branch}/{entry$path}")))
16. │ │ └─magick:::assert_image(image)
17. │ └─magick::image_read(glue("{download_endpoint}/{branch}/{entry$path}"))
18. │ └─magick:::magick_image_readpath(path, density, depth, strip, defines)
19. ├─base::stop(`<Mgck::ED>`)
20. └─purrr (local) `<fn>`(`<Mgck::ED>`)
21. └─cli::cli_abort(...)
22. └─rlang::abort(...)
[ FAIL 2 | WARN 0 | SKIP 0 | PASS 33 ]
Error: Test failures
Execution halted
Flavor: r-oldrel-windows-x86_64