Last updated on 2024-03-28 09:51:44 CET.
Flavor | Version | Tinstall | Tcheck | Ttotal | Status | Flags |
---|---|---|---|---|---|---|
r-devel-linux-x86_64-debian-clang | 1.0.3 | 4.31 | 240.27 | 244.58 | NOTE | |
r-devel-linux-x86_64-debian-gcc | 1.0.3 | 3.10 | 165.52 | 168.62 | NOTE | |
r-devel-linux-x86_64-fedora-clang | 1.0.3 | 284.20 | NOTE | |||
r-devel-linux-x86_64-fedora-gcc | 1.0.3 | 288.56 | NOTE | |||
r-devel-windows-x86_64 | 1.0.3 | 5.00 | 177.00 | 182.00 | NOTE | |
r-patched-linux-x86_64 | 1.0.3 | 2.93 | 223.20 | 226.13 | NOTE | |
r-release-linux-x86_64 | 1.0.3 | 2.40 | 219.47 | 221.87 | OK | |
r-release-macos-arm64 | 1.0.3 | 86.00 | OK | |||
r-release-macos-x86_64 | 1.0.3 | 136.00 | OK | |||
r-release-windows-x86_64 | 1.0.3 | 6.00 | 231.00 | 237.00 | OK | |
r-oldrel-macos-arm64 | 1.0.3 | 69.00 | OK | |||
r-oldrel-windows-x86_64 | 1.0.3 | 6.00 | 227.00 | 233.00 | OK |
Version: 1.0.3
Check: Rd files
Result: NOTE
checkRd: (-1) predictPair.Rd:20: Lost braces; missing escapes or markup?
20 | A number in the set {-1, 0, 1}, where 1 means row1 is predicted to
| ^
checkRd: (-1) predictPairInternal.Rd:18: Lost braces; missing escapes or markup?
18 | A number in the set {-1, 0, 1}, where 1 means row1 is predicted to
| ^
Flavors: r-devel-linux-x86_64-debian-clang, r-devel-linux-x86_64-debian-gcc, r-devel-linux-x86_64-fedora-clang, r-devel-linux-x86_64-fedora-gcc, r-devel-windows-x86_64, r-patched-linux-x86_64