Last updated on 2024-04-17 10:41:38 CEST.
Flavor | Version | Tinstall | Tcheck | Ttotal | Status | Flags |
---|---|---|---|---|---|---|
r-devel-linux-x86_64-debian-clang | 0.5.4 | 368.89 | 423.29 | 792.18 | OK | |
r-devel-linux-x86_64-debian-gcc | 0.5.4 | 319.75 | 340.67 | 660.42 | OK | |
r-devel-linux-x86_64-fedora-clang | 0.5.4 | 1119.25 | NOTE | |||
r-devel-linux-x86_64-fedora-gcc | 0.5.4 | 1178.65 | NOTE | |||
r-prerel-macos-arm64 | 0.5.4 | 247.00 | NOTE | |||
r-prerel-macos-x86_64 | 0.5.4 | 599.00 | NOTE | |||
r-prerel-windows-x86_64 | 0.5.4 | 291.00 | 417.00 | 708.00 | NOTE | |
r-patched-linux-x86_64 | 0.5.4 | 405.10 | 433.83 | 838.93 | OK | |
r-release-linux-x86_64 | 0.5.4 | 309.51 | 433.26 | 742.77 | OK | |
r-release-macos-arm64 | 0.5.4 | 265.00 | NOTE | |||
r-release-macos-x86_64 | 0.5.4 | 509.00 | NOTE | |||
r-release-windows-x86_64 | 0.5.4 | 378.00 | 506.00 | 884.00 | NOTE | |
r-oldrel-macos-arm64 | 0.5.4 | 257.00 | NOTE | |||
r-oldrel-windows-x86_64 | 0.5.4 | 351.00 | 479.00 | 830.00 | NOTE |
Version: 0.5.4
Check: installed package size
Result: NOTE
installed size is 6.2Mb
sub-directories of 1Mb or more:
doc 2.2Mb
libs 2.1Mb
Flavors: r-devel-linux-x86_64-fedora-clang, r-prerel-macos-arm64, r-prerel-macos-x86_64, r-prerel-windows-x86_64, r-release-macos-arm64, r-release-macos-x86_64, r-release-windows-x86_64, r-oldrel-macos-arm64, r-oldrel-windows-x86_64
Version: 0.5.4
Check: dependencies in R code
Result: NOTE
Namespace in Imports field not imported from: ‘R6’
All declared Imports should be used.
Flavors: r-devel-linux-x86_64-fedora-clang, r-devel-linux-x86_64-fedora-gcc