Last updated on 2023-09-27 12:02:50 CEST.
Flavor | Version | Tinstall | Tcheck | Ttotal | Status | Flags |
---|---|---|---|---|---|---|
r-devel-linux-x86_64-debian-clang | 2.3.0 | 33.80 | 74.80 | 108.60 | NOTE | |
r-devel-linux-x86_64-debian-gcc | 2.3.0 | 22.14 | 56.71 | 78.85 | NOTE | |
r-devel-linux-x86_64-fedora-clang | 2.3.0 | 138.51 | NOTE | |||
r-devel-linux-x86_64-fedora-gcc | 2.3.0 | 148.47 | NOTE | |||
r-devel-windows-x86_64 | 2.3.0 | 25.00 | 102.00 | 127.00 | NOTE | |
r-patched-linux-x86_64 | 2.3.0 | 29.82 | 72.64 | 102.46 | NOTE | |
r-release-linux-x86_64 | 2.3.0 | 31.91 | 72.71 | 104.62 | NOTE | |
r-release-macos-arm64 | 2.3.0 | 44.00 | NOTE | |||
r-release-macos-x86_64 | 2.3.0 | 129.00 | NOTE | |||
r-release-windows-x86_64 | 2.3.0 | 31.00 | 119.00 | 150.00 | NOTE | |
r-oldrel-macos-arm64 | 2.3.0 | 41.00 | NOTE | |||
r-oldrel-macos-x86_64 | 2.3.0 | 54.00 | NOTE | |||
r-oldrel-windows-x86_64 | 2.3.0 | 34.00 | 108.00 | 142.00 | NOTE |
Version: 2.3.0
Check: for GNU extensions in Makefiles
Result: NOTE
GNU make is a SystemRequirements.
Flavors: r-devel-linux-x86_64-debian-clang, r-devel-linux-x86_64-debian-gcc, r-devel-linux-x86_64-fedora-clang, r-devel-linux-x86_64-fedora-gcc, r-devel-windows-x86_64, r-patched-linux-x86_64, r-release-linux-x86_64, r-release-macos-arm64, r-release-macos-x86_64, r-release-windows-x86_64, r-oldrel-macos-arm64, r-oldrel-macos-x86_64, r-oldrel-windows-x86_64