Last updated on 2025-10-21 11:53:26 CEST.
Flavor | Version | Tinstall | Tcheck | Ttotal | Status | Flags |
---|---|---|---|---|---|---|
r-devel-linux-x86_64-debian-clang | 1.7.8 | 10.37 | 176.90 | 187.27 | NOTE | |
r-devel-linux-x86_64-debian-gcc | 1.7.8 | 7.02 | 129.34 | 136.36 | NOTE | |
r-devel-linux-x86_64-fedora-clang | 1.7.8 | 289.32 | OK | |||
r-devel-linux-x86_64-fedora-gcc | 1.7.8 | 25.00 | 239.69 | 264.69 | OK | |
r-devel-windows-x86_64 | 1.7.8 | 13.00 | 190.00 | 203.00 | OK | |
r-patched-linux-x86_64 | 1.7.8 | 12.12 | 165.61 | 177.73 | OK | |
r-release-linux-x86_64 | 1.7.8 | 10.04 | 165.65 | 175.69 | OK | |
r-release-macos-arm64 | 1.7.8 | 71.00 | OK | |||
r-release-macos-x86_64 | 1.7.8 | 8.00 | 126.00 | 134.00 | OK | |
r-release-windows-x86_64 | 1.7.8 | 13.00 | 185.00 | 198.00 | OK | |
r-oldrel-macos-arm64 | 1.7.8 | 77.00 | OK | |||
r-oldrel-macos-x86_64 | 1.7.8 | 146.00 | OK | |||
r-oldrel-windows-x86_64 | 1.7.8 | 18.00 | 276.00 | 294.00 | OK |
Version: 1.7.8
Check: HTML version of manual
Result: NOTE
Found the following HTML validation problems:
df.terms.html:57:1 (df.terms.Rd:17): Warning: missing </ul> before </div>
Flavors: r-devel-linux-x86_64-debian-clang, r-devel-linux-x86_64-debian-gcc