Last updated on 2024-04-19 11:56:48 CEST.
Flavor | Version | Tinstall | Tcheck | Ttotal | Status | Flags |
---|---|---|---|---|---|---|
r-devel-linux-x86_64-debian-clang | 1.2.0 | 12.57 | 20.17 | 32.74 | OK | |
r-devel-linux-x86_64-debian-gcc | 1.2.0 | OK | ||||
r-devel-linux-x86_64-fedora-clang | 1.2.0 | 44.45 | OK | |||
r-devel-linux-x86_64-fedora-gcc | 1.2.0 | 43.06 | OK | |||
r-prerel-macos-arm64 | 1.2.0 | 21.00 | NOTE | |||
r-prerel-windows-x86_64 | 1.2.0 | 42.00 | 47.00 | 89.00 | OK | |
r-patched-linux-x86_64 | 1.2.0 | 13.09 | 20.94 | 34.03 | OK | |
r-release-linux-x86_64 | 1.2.0 | 13.18 | 20.31 | 33.49 | OK | |
r-release-macos-arm64 | 1.2.0 | 25.00 | NOTE | |||
r-release-macos-x86_64 | 1.2.0 | 49.00 | NOTE | |||
r-release-windows-x86_64 | 1.2.0 | 44.00 | 59.00 | 103.00 | OK | |
r-oldrel-macos-arm64 | 1.2.0 | 25.00 | NOTE | |||
r-oldrel-windows-x86_64 | 1.2.0 | 48.00 | 55.00 | 103.00 | OK |
Version: 1.2.0
Check: installed package size
Result: NOTE
installed size is 6.3Mb
sub-directories of 1Mb or more:
libs 6.2Mb
Flavors: r-prerel-macos-arm64, r-release-macos-arm64, r-release-macos-x86_64, r-oldrel-macos-arm64