CRAN Package Check Results for Package hellno

Last updated on 2024-02-28 10:14:04 CET.

Flavor Version Tinstall Tcheck Ttotal Status Flags
r-devel-linux-x86_64-debian-clang 0.0.1 1.78 21.26 23.04 NOTE
r-devel-linux-x86_64-debian-gcc 0.0.1 1.46 16.39 17.85 NOTE
r-devel-linux-x86_64-fedora-clang 0.0.1 28.25 NOTE
r-devel-linux-x86_64-fedora-gcc 0.0.1 26.84 NOTE
r-devel-windows-x86_64 0.0.1 2.00 39.00 41.00 NOTE
r-patched-linux-x86_64 0.0.1 2.00 20.56 22.56 NOTE
r-release-linux-x86_64 0.0.1 1.35 20.63 21.98 NOTE
r-release-macos-arm64 0.0.1 16.00 NOTE
r-release-macos-x86_64 0.0.1 19.00 NOTE
r-release-windows-x86_64 0.0.1 3.00 37.00 40.00 NOTE
r-oldrel-macos-arm64 0.0.1 17.00 NOTE
r-oldrel-windows-x86_64 0.0.1 3.00 40.00 43.00 NOTE

Check Details

Version: 0.0.1
Check: LazyData
Result: NOTE 'LazyData' is specified without a 'data' directory Flavors: r-devel-linux-x86_64-debian-clang, r-devel-linux-x86_64-debian-gcc, r-devel-linux-x86_64-fedora-clang, r-devel-linux-x86_64-fedora-gcc, r-devel-windows-x86_64, r-patched-linux-x86_64, r-release-linux-x86_64, r-release-macos-arm64, r-release-macos-x86_64, r-release-windows-x86_64, r-oldrel-macos-arm64, r-oldrel-windows-x86_64