Last updated on 2022-07-03 11:53:39 CEST.
Flavor | Version | Tinstall | Tcheck | Ttotal | Status | Flags |
---|---|---|---|---|---|---|
r-devel-linux-x86_64-debian-clang | 0.14.4 | 13.78 | 558.18 | 571.96 | NOTE | |
r-devel-linux-x86_64-debian-gcc | 0.14.4 | 11.64 | 403.35 | 414.99 | NOTE | |
r-devel-linux-x86_64-fedora-clang | 0.14.4 | 654.97 | NOTE | |||
r-devel-linux-x86_64-fedora-gcc | 0.14.4 | 553.36 | NOTE | |||
r-devel-windows-x86_64 | 0.14.4 | 144.00 | 577.00 | 721.00 | OK | |
r-patched-linux-x86_64 | 0.14.4 | 15.58 | 517.87 | 533.45 | NOTE | |
r-release-linux-x86_64 | 0.14.4 | 11.16 | 516.95 | 528.11 | NOTE | |
r-release-macos-arm64 | 0.14.4 | 132.00 | NOTE | |||
r-release-macos-x86_64 | 0.14.4 | 293.00 | NOTE | |||
r-release-windows-x86_64 | 0.14.4 | 158.00 | 605.00 | 763.00 | OK | |
r-oldrel-macos-arm64 | 0.14.4 | 158.00 | OK | |||
r-oldrel-macos-x86_64 | 0.14.4 | 182.00 | OK | |||
r-oldrel-windows-ix86+x86_64 | 0.14.4 | 30.00 | 636.00 | 666.00 | OK |
Version: 0.14.4
Check: package dependencies
Result: NOTE
Package suggested but not available for checking: 'rgho'
Flavors: r-devel-linux-x86_64-debian-clang, r-devel-linux-x86_64-debian-gcc, r-devel-linux-x86_64-fedora-clang, r-devel-linux-x86_64-fedora-gcc, r-patched-linux-x86_64, r-release-linux-x86_64, r-release-macos-arm64
Version: 0.14.4
Check: package dependencies
Result: NOTE
Packages suggested but not available for checking: 'BCEA', 'rgho'
Flavor: r-release-macos-x86_64
Version: 0.14.4
Check: Rd cross-references
Result: NOTE
Package unavailable to check Rd xrefs: ‘BCEA’
Flavor: r-release-macos-x86_64