CRAN Package Check Results for Package heatmaply

Last updated on 2022-06-30 11:53:09 CEST.

Flavor Version Tinstall Tcheck Ttotal Status Flags
r-devel-linux-x86_64-debian-clang 1.3.0 10.53 247.34 257.87 OK
r-devel-linux-x86_64-debian-gcc 1.3.0 6.93 173.71 180.64 OK
r-devel-linux-x86_64-fedora-clang 1.3.0 306.40 NOTE
r-devel-linux-x86_64-fedora-gcc 1.3.0 323.46 OK
r-devel-windows-x86_64 1.3.0 58.00 264.00 322.00 NOTE
r-patched-linux-x86_64 1.3.0 13.10 226.89 239.99 OK
r-release-linux-x86_64 1.3.0 7.40 229.40 236.80 OK
r-release-macos-arm64 1.3.0 74.00 NOTE
r-release-macos-x86_64 1.3.0 126.00 NOTE
r-release-windows-x86_64 1.3.0 72.00 267.00 339.00 NOTE
r-oldrel-macos-arm64 1.3.0 82.00 NOTE
r-oldrel-macos-x86_64 1.3.0 144.00 NOTE
r-oldrel-windows-ix86+x86_64 1.3.0 24.00 279.00 303.00 NOTE

Check Details

Version: 1.3.0
Check: installed package size
Result: NOTE
     installed size is 5.5Mb
     sub-directories of 1Mb or more:
     doc 5.1Mb
Flavors: r-devel-linux-x86_64-fedora-clang, r-devel-windows-x86_64, r-release-macos-arm64, r-release-macos-x86_64, r-release-windows-x86_64, r-oldrel-macos-arm64, r-oldrel-macos-x86_64, r-oldrel-windows-ix86+x86_64