CRAN Package Check Results for Package heatex

Last updated on 2025-04-29 12:52:38 CEST.

Flavor Version Tinstall Tcheck Ttotal Status Flags
r-devel-linux-x86_64-debian-clang 1.0 1.55 18.14 19.69 NOTE
r-devel-linux-x86_64-debian-gcc 1.0 1.31 14.41 15.72 NOTE
r-devel-linux-x86_64-fedora-clang 1.0 30.48 NOTE
r-devel-linux-x86_64-fedora-gcc 1.0 28.87 NOTE
r-devel-windows-x86_64 1.0 2.00 37.00 39.00 NOTE
r-patched-linux-x86_64 1.0 1.79 17.50 19.29 NOTE
r-release-linux-x86_64 1.0 1.57 17.32 18.89 NOTE
r-release-macos-arm64 1.0 14.00 NOTE
r-release-macos-x86_64 1.0 21.00 NOTE
r-release-windows-x86_64 1.0 2.00 38.00 40.00 NOTE
r-oldrel-macos-arm64 1.0 14.00 NOTE
r-oldrel-macos-x86_64 1.0 19.00 NOTE
r-oldrel-windows-x86_64 1.0 2.00 36.00 38.00 NOTE

Check Details

Version: 1.0
Check: CRAN incoming feasibility
Result: NOTE Maintainer: ‘Kerry Atkins <atkins.kerry04@gmail.com>’ No Authors@R field in DESCRIPTION. Please add one, modifying Authors@R: person(given = "Kerry", family = "Atkins", role = c("aut", "cre"), email = "atkins.kerry04@gmail.com") as necessary. Found the following \keyword or \concept entries which likely give several index terms: File ‘heatex-package.Rd’: \keyword{Heat exchange,heat transfer} Flavors: r-devel-linux-x86_64-debian-clang, r-devel-linux-x86_64-debian-gcc

Version: 1.0
Check: DESCRIPTION meta-information
Result: NOTE Malformed Title field: should not end in a period. Flavors: r-devel-linux-x86_64-debian-clang, r-devel-linux-x86_64-debian-gcc, r-devel-linux-x86_64-fedora-clang, r-devel-linux-x86_64-fedora-gcc, r-devel-windows-x86_64, r-patched-linux-x86_64, r-release-linux-x86_64, r-release-macos-arm64, r-release-macos-x86_64, r-release-windows-x86_64, r-oldrel-macos-arm64, r-oldrel-macos-x86_64, r-oldrel-windows-x86_64