Last updated on 2022-06-25 10:53:05 CEST.
Flavor | Version | Tinstall | Tcheck | Ttotal | Status | Flags |
---|---|---|---|---|---|---|
r-devel-linux-x86_64-debian-clang | 1.0.2 | 13.16 | 131.68 | 144.84 | OK | |
r-devel-linux-x86_64-debian-gcc | 1.0.2 | 10.76 | 99.26 | 110.02 | OK | |
r-devel-linux-x86_64-fedora-clang | 1.0.2 | 187.93 | NOTE | |||
r-devel-linux-x86_64-fedora-gcc | 1.0.2 | 191.21 | NOTE | |||
r-devel-windows-x86_64 | 1.0.2 | 28.00 | 146.00 | 174.00 | OK | |
r-patched-linux-x86_64 | 1.0.2 | 11.49 | 126.58 | 138.07 | OK | |
r-release-linux-x86_64 | 1.0.2 | 12.18 | 126.33 | 138.51 | OK | |
r-release-macos-arm64 | 1.0.2 | 51.00 | NOTE | |||
r-release-macos-x86_64 | 1.0.2 | 84.00 | NOTE | |||
r-release-windows-x86_64 | 1.0.2 | 36.00 | 144.00 | 180.00 | OK | |
r-oldrel-macos-arm64 | 1.0.2 | 45.00 | NOTE | |||
r-oldrel-macos-x86_64 | 1.0.2 | 67.00 | NOTE | |||
r-oldrel-windows-ix86+x86_64 | 1.0.2 | 38.00 | 145.00 | 183.00 | OK |
Version: 1.0.2
Check: dependencies in R code
Result: NOTE
Namespaces in Imports field not imported from:
‘TidyDensity’ ‘healthyR’ ‘healthyR.ai’ ‘healthyR.data’ ‘healthyR.ts’
All declared Imports should be used.
Flavors: r-devel-linux-x86_64-fedora-clang, r-devel-linux-x86_64-fedora-gcc, r-release-macos-arm64, r-release-macos-x86_64, r-oldrel-macos-arm64, r-oldrel-macos-x86_64