Last updated on 2022-07-01 11:52:02 CEST.
Flavor | Version | Tinstall | Tcheck | Ttotal | Status | Flags |
---|---|---|---|---|---|---|
r-devel-linux-x86_64-debian-clang | 0.1.9 | 9.44 | 136.39 | 145.83 | OK | |
r-devel-linux-x86_64-debian-gcc | 0.1.9 | 10.70 | 103.40 | 114.10 | OK | |
r-devel-linux-x86_64-fedora-clang | 0.1.9 | 192.23 | NOTE | |||
r-devel-linux-x86_64-fedora-gcc | 0.1.9 | 194.81 | OK | |||
r-devel-windows-x86_64 | 0.1.9 | 33.00 | 178.00 | 211.00 | NOTE | |
r-patched-linux-x86_64 | 0.1.9 | 12.39 | 133.80 | 146.19 | OK | |
r-release-linux-x86_64 | 0.1.9 | 11.56 | 129.52 | 141.08 | OK | |
r-release-macos-arm64 | 0.1.9 | 67.00 | NOTE | |||
r-release-macos-x86_64 | 0.1.9 | 88.00 | NOTE | |||
r-release-windows-x86_64 | 0.1.9 | 38.00 | 184.00 | 222.00 | NOTE | |
r-oldrel-macos-arm64 | 0.1.9 | 66.00 | NOTE | |||
r-oldrel-macos-x86_64 | 0.1.9 | 90.00 | NOTE | |||
r-oldrel-windows-ix86+x86_64 | 0.1.9 | 29.00 | 175.00 | 204.00 | NOTE |
Version: 0.1.9
Check: installed package size
Result: NOTE
installed size is 5.6Mb
sub-directories of 1Mb or more:
data 1.5Mb
doc 3.8Mb
Flavors: r-devel-linux-x86_64-fedora-clang, r-devel-windows-x86_64, r-release-macos-arm64, r-release-macos-x86_64, r-release-windows-x86_64, r-oldrel-macos-arm64, r-oldrel-macos-x86_64, r-oldrel-windows-ix86+x86_64