Last updated on 2024-04-23 10:54:05 CEST.
Flavor | Version | Tinstall | Tcheck | Ttotal | Status | Flags |
---|---|---|---|---|---|---|
r-devel-linux-x86_64-debian-clang | 0.9.0 | 34.05 | 47.01 | 81.06 | NOTE | |
r-devel-linux-x86_64-debian-gcc | 0.9.0 | 23.96 | 35.67 | 59.63 | NOTE | |
r-devel-linux-x86_64-fedora-clang | 0.9.0 | 120.09 | NOTE | |||
r-devel-linux-x86_64-fedora-gcc | 0.9.0 | 129.43 | NOTE | |||
r-prerel-macos-arm64 | 0.9.0 | 49.00 | NOTE | |||
r-prerel-windows-x86_64 | 0.9.0 | 28.00 | 79.00 | 107.00 | NOTE | |
r-patched-linux-x86_64 | 0.9.0 | 33.50 | 44.92 | 78.42 | NOTE | |
r-release-linux-x86_64 | 0.9.0 | 34.48 | 43.46 | 77.94 | NOTE | |
r-release-macos-arm64 | 0.9.0 | 46.00 | NOTE | |||
r-release-macos-x86_64 | 0.9.0 | 69.00 | NOTE | |||
r-release-windows-x86_64 | 0.9.0 | 36.00 | 84.00 | 120.00 | NOTE | |
r-oldrel-macos-arm64 | 0.9.0 | 41.00 | OK | |||
r-oldrel-windows-x86_64 | 0.9.0 | 34.00 | 85.00 | 119.00 | OK |
Version: 0.9.0
Check: C++ specification
Result: NOTE
Specified C++11: please drop specification unless essential
Flavors: r-devel-linux-x86_64-debian-clang, r-devel-linux-x86_64-debian-gcc, r-devel-linux-x86_64-fedora-clang, r-devel-linux-x86_64-fedora-gcc, r-prerel-macos-arm64, r-prerel-windows-x86_64, r-patched-linux-x86_64, r-release-linux-x86_64, r-release-macos-arm64, r-release-macos-x86_64, r-release-windows-x86_64