CRAN Package Check Results for Package hctrial

Last updated on 2022-07-05 11:49:55 CEST.

Flavor Version Tinstall Tcheck Ttotal Status Flags
r-devel-linux-x86_64-debian-clang 0.1.0 2.32 31.83 34.15 NOTE
r-devel-linux-x86_64-debian-gcc 0.1.0 1.99 23.32 25.31 NOTE
r-devel-linux-x86_64-fedora-clang 0.1.0 50.60 NOTE
r-devel-linux-x86_64-fedora-gcc 0.1.0 50.06 NOTE
r-devel-windows-x86_64 0.1.0 11.00 56.00 67.00 NOTE
r-patched-linux-x86_64 0.1.0 2.27 30.08 32.35 NOTE
r-release-linux-x86_64 0.1.0 2.34 29.87 32.21 NOTE
r-release-macos-arm64 0.1.0 17.00 NOTE
r-release-macos-x86_64 0.1.0 21.00 NOTE
r-release-windows-x86_64 0.1.0 10.00 45.00 55.00 NOTE
r-oldrel-macos-arm64 0.1.0 20.00 NOTE
r-oldrel-macos-x86_64 0.1.0 41.00 NOTE
r-oldrel-windows-ix86+x86_64 0.1.0 6.00 46.00 52.00 NOTE

Check Details

Version: 0.1.0
Check: LazyData
Result: NOTE
     'LazyData' is specified without a 'data' directory
Flavors: r-devel-linux-x86_64-debian-clang, r-devel-linux-x86_64-debian-gcc, r-devel-linux-x86_64-fedora-clang, r-devel-linux-x86_64-fedora-gcc, r-devel-windows-x86_64, r-patched-linux-x86_64, r-release-linux-x86_64, r-release-macos-arm64, r-release-macos-x86_64, r-release-windows-x86_64, r-oldrel-macos-arm64, r-oldrel-macos-x86_64, r-oldrel-windows-ix86+x86_64