CRAN Package Check Results for Package hchinamap

Last updated on 2023-02-02 11:54:04 CET.

Flavor Version Tinstall Tcheck Ttotal Status Flags
r-devel-linux-x86_64-debian-clang 0.1.0 2.90 32.50 35.40 NOTE
r-devel-linux-x86_64-debian-gcc 0.1.0 2.77 24.99 27.76 NOTE
r-devel-linux-x86_64-fedora-clang 0.1.0 44.38 NOTE
r-devel-linux-x86_64-fedora-gcc 0.1.0 55.11 NOTE
r-devel-windows-x86_64 0.1.0 29.00 73.00 102.00 NOTE
r-patched-linux-x86_64 0.1.0 2.51 32.46 34.97 NOTE
r-release-linux-x86_64 0.1.0 3.68 32.88 36.56 NOTE
r-release-macos-arm64 0.1.0 20.00 NOTE
r-release-macos-x86_64 0.1.0 28.00 NOTE
r-release-windows-x86_64 0.1.0 8.00 76.00 84.00 NOTE
r-oldrel-macos-arm64 0.1.0 160.00 NOTE
r-oldrel-macos-x86_64 0.1.0 29.00 NOTE
r-oldrel-windows-ix86+x86_64 0.1.0 11.00 64.00 75.00 NOTE

Check Details

Version: 0.1.0
Check: LazyData
Result: NOTE
     'LazyData' is specified without a 'data' directory
Flavors: r-devel-linux-x86_64-debian-clang, r-devel-linux-x86_64-debian-gcc, r-devel-linux-x86_64-fedora-clang, r-devel-linux-x86_64-fedora-gcc, r-devel-windows-x86_64, r-patched-linux-x86_64, r-release-linux-x86_64, r-release-macos-arm64, r-release-macos-x86_64, r-release-windows-x86_64, r-oldrel-macos-arm64, r-oldrel-macos-x86_64, r-oldrel-windows-ix86+x86_64

Version: 0.1.0
Check: installed package size
Result: NOTE
     installed size is 5.6Mb
     sub-directories of 1Mb or more:
     doc 2.7Mb
     htmlwidgets 2.8Mb
Flavors: r-devel-linux-x86_64-fedora-clang, r-devel-windows-x86_64, r-release-macos-arm64, r-release-macos-x86_64, r-release-windows-x86_64, r-oldrel-macos-arm64, r-oldrel-macos-x86_64, r-oldrel-windows-ix86+x86_64