CRAN Package Check Results for Package hchinamap

Last updated on 2022-07-01 11:52:02 CEST.

Flavor Version Tinstall Tcheck Ttotal Status Flags
r-devel-linux-x86_64-debian-clang 0.1.0 2.66 33.15 35.81 NOTE
r-devel-linux-x86_64-debian-gcc 0.1.0 2.61 25.77 28.38 NOTE
r-devel-linux-x86_64-fedora-clang 0.1.0 53.76 NOTE
r-devel-linux-x86_64-fedora-gcc 0.1.0 52.19 NOTE
r-devel-windows-x86_64 0.1.0 33.00 67.00 100.00 NOTE
r-patched-linux-x86_64 0.1.0 3.28 31.88 35.16 NOTE
r-release-linux-x86_64 0.1.0 2.52 31.96 34.48 NOTE
r-release-macos-arm64 0.1.0 20.00 NOTE
r-release-macos-x86_64 0.1.0 28.00 NOTE
r-release-windows-x86_64 0.1.0 38.00 72.00 110.00 NOTE
r-oldrel-macos-arm64 0.1.0 160.00 NOTE
r-oldrel-macos-x86_64 0.1.0 29.00 NOTE
r-oldrel-windows-ix86+x86_64 0.1.0 10.00 53.00 63.00 NOTE

Check Details

Version: 0.1.0
Check: LazyData
Result: NOTE
     'LazyData' is specified without a 'data' directory
Flavors: r-devel-linux-x86_64-debian-clang, r-devel-linux-x86_64-debian-gcc, r-devel-linux-x86_64-fedora-clang, r-devel-linux-x86_64-fedora-gcc, r-devel-windows-x86_64, r-patched-linux-x86_64, r-release-linux-x86_64, r-release-macos-arm64, r-release-macos-x86_64, r-release-windows-x86_64, r-oldrel-macos-arm64, r-oldrel-macos-x86_64, r-oldrel-windows-ix86+x86_64

Version: 0.1.0
Check: installed package size
Result: NOTE
     installed size is 5.6Mb
     sub-directories of 1Mb or more:
     doc 2.7Mb
     htmlwidgets 2.8Mb
Flavors: r-devel-linux-x86_64-fedora-clang, r-devel-windows-x86_64, r-release-macos-arm64, r-release-macos-x86_64, r-release-windows-x86_64, r-oldrel-macos-arm64, r-oldrel-macos-x86_64, r-oldrel-windows-ix86+x86_64