Last updated on 2025-04-29 12:52:38 CEST.
Flavor | Version | Tinstall | Tcheck | Ttotal | Status | Flags |
---|---|---|---|---|---|---|
r-devel-linux-x86_64-debian-clang | 0.2.0 | 3.96 | 20.03 | 23.99 | OK | |
r-devel-linux-x86_64-debian-gcc | 0.2.0 | 3.94 | 16.71 | 20.65 | OK | |
r-devel-linux-x86_64-fedora-clang | 0.2.0 | 35.43 | OK | |||
r-devel-linux-x86_64-fedora-gcc | 0.2.0 | 33.85 | OK | |||
r-devel-windows-x86_64 | 0.2.0 | 5.00 | 38.00 | 43.00 | OK | |
r-patched-linux-x86_64 | 0.2.0 | 4.64 | 18.36 | 23.00 | OK | |
r-release-linux-x86_64 | 0.2.0 | 3.98 | 18.53 | 22.51 | OK | |
r-release-macos-arm64 | 0.2.0 | 18.00 | OK | |||
r-release-macos-x86_64 | 0.2.0 | 33.00 | OK | |||
r-release-windows-x86_64 | 0.2.0 | 5.00 | 42.00 | 47.00 | OK | |
r-oldrel-macos-arm64 | 0.2.0 | 17.00 | OK | |||
r-oldrel-macos-x86_64 | 0.2.0 | 32.00 | NOTE | |||
r-oldrel-windows-x86_64 | 0.2.0 | 6.00 | 37.00 | 43.00 | OK |
Version: 0.2.0
Check: installed package size
Result: NOTE
installed size is 5.3Mb
sub-directories of 1Mb or more:
data 4.5Mb
Flavor: r-oldrel-macos-x86_64