CRAN Package Check Results for Package hawkes

Last updated on 2022-07-05 11:49:55 CEST.

Flavor Version Tinstall Tcheck Ttotal Status Flags
r-devel-linux-x86_64-debian-clang 0.0-4 36.33 26.52 62.85 OK
r-devel-linux-x86_64-debian-gcc 0.0-4 29.99 21.12 51.11 OK
r-devel-linux-x86_64-fedora-clang 0.0-4 98.41 NOTE
r-devel-linux-x86_64-fedora-gcc 0.0-4 91.12 NOTE
r-devel-windows-x86_64 0.0-4 35.00 76.00 111.00 OK
r-patched-linux-x86_64 0.0-4 28.47 25.61 54.08 OK
r-release-linux-x86_64 0.0-4 32.11 26.13 58.24 OK
r-release-macos-arm64 0.0-4 27.00 OK
r-release-macos-x86_64 0.0-4 36.00 OK
r-release-windows-x86_64 0.0-4 34.00 74.00 108.00 OK
r-oldrel-macos-arm64 0.0-4 32.00 OK
r-oldrel-macos-x86_64 0.0-4 50.00 OK
r-oldrel-windows-ix86+x86_64 0.0-4 97.00 68.00 165.00 OK

Check Details

Version: 0.0-4
Check: compiled code
Result: NOTE
    File ‘hawkes/libs/hawkes.so’:
     Found no calls to: ‘R_registerRoutines’, ‘R_useDynamicSymbols’
    
    It is good practice to register native routines and to disable symbol
    search.
    
    See ‘Writing portable packages’ in the ‘Writing R Extensions’ manual.
Flavors: r-devel-linux-x86_64-fedora-clang, r-devel-linux-x86_64-fedora-gcc