CRAN Package Check Results for Package hansard

Last updated on 2022-06-26 11:52:33 CEST.

Flavor Version Tinstall Tcheck Ttotal Status Flags
r-devel-linux-x86_64-debian-clang 0.8.0 12.83 125.87 138.70 OK
r-devel-linux-x86_64-debian-gcc 0.8.0 9.00 91.01 100.01 OK
r-devel-linux-x86_64-fedora-clang 0.8.0 171.47 NOTE
r-devel-linux-x86_64-fedora-gcc 0.8.0 170.64 OK
r-devel-windows-x86_64 0.8.0 69.00 152.00 221.00 OK
r-patched-linux-x86_64 0.8.0 11.19 116.33 127.52 OK
r-release-linux-x86_64 0.8.0 10.65 116.33 126.98 OK
r-release-macos-arm64 0.8.0 44.00 OK
r-release-macos-x86_64 0.8.0 90.00 OK
r-release-windows-x86_64 0.8.0 65.00 146.00 211.00 OK
r-oldrel-macos-arm64 0.8.0 57.00 OK
r-oldrel-macos-x86_64 0.8.0 94.00 OK
r-oldrel-windows-ix86+x86_64 0.8.0 23.00 138.00 161.00 OK

Check Details

Version: 0.8.0
Check: Rd cross-references
Result: NOTE
    Undeclared package ‘mnis’ in Rd xrefs
Flavor: r-devel-linux-x86_64-fedora-clang