Last updated on 2023-02-06 11:04:39 CET.
Flavor | Version | Tinstall | Tcheck | Ttotal | Status | Flags |
---|---|---|---|---|---|---|
r-devel-linux-x86_64-debian-clang | 0.2.3 | 14.25 | 572.86 | 587.11 | OK | |
r-devel-linux-x86_64-debian-gcc | 0.2.3 | 10.64 | 473.84 | 484.48 | OK | |
r-devel-linux-x86_64-fedora-clang | 0.2.3 | 712.38 | OK | |||
r-devel-linux-x86_64-fedora-gcc | 0.2.3 | 810.22 | OK | |||
r-devel-windows-x86_64 | 0.2.3 | 37.00 | 640.00 | 677.00 | OK | |
r-patched-linux-x86_64 | 0.2.3 | 19.28 | 641.73 | 661.01 | OK | |
r-release-linux-x86_64 | 0.2.3 | 14.28 | 621.70 | 635.98 | OK | |
r-release-macos-arm64 | 0.2.3 | 292.00 | OK | |||
r-release-macos-x86_64 | 0.2.3 | 433.00 | OK | |||
r-release-windows-x86_64 | 0.2.3 | 31.00 | 664.00 | 695.00 | OK | |
r-oldrel-macos-arm64 | 0.2.3 | 243.00 | OK | |||
r-oldrel-macos-x86_64 | 0.2.3 | 288.00 | OK | |||
r-oldrel-windows-ix86+x86_64 | 0.2.3 | 33.00 | 669.00 | 702.00 | WARN |
Version: 0.2.3
Check: for unstated dependencies in ‘tests’
Result: WARN
Warning: unable to access index for repository https://bioconductor.org/packages/3.14/bioc/src/contrib:
cannot open URL 'https://bioconductor.org/packages/3.14/bioc/src/contrib/PACKAGES'
Warning: unable to access index for repository https://bioconductor.org/packages/3.14/data/annotation/src/contrib:
cannot open URL 'https://bioconductor.org/packages/3.14/data/annotation/src/contrib/PACKAGES'
Warning: unable to access index for repository https://bioconductor.org/packages/3.14/data/experiment/src/contrib:
cannot open URL 'https://bioconductor.org/packages/3.14/data/experiment/src/contrib/PACKAGES'
Flavor: r-oldrel-windows-ix86+x86_64