CRAN Package Check Results for Package hadron

Last updated on 2022-07-03 11:53:39 CEST.

Flavor Version Tinstall Tcheck Ttotal Status Flags
r-devel-linux-x86_64-debian-clang 3.1.2 47.75 206.68 254.43 OK
r-devel-linux-x86_64-debian-gcc 3.1.2 39.13 149.70 188.83 OK
r-devel-linux-x86_64-fedora-clang 3.1.2 314.32 OK
r-devel-linux-x86_64-fedora-gcc 3.1.2 307.00 OK
r-devel-windows-x86_64 3.1.2 139.00 294.00 433.00 OK
r-patched-linux-x86_64 3.1.2 47.39 197.26 244.65 OK
r-release-linux-x86_64 3.1.2 37.24 192.95 230.19 OK
r-release-macos-arm64 3.1.2 86.00 NOTE
r-release-macos-x86_64 3.1.2 145.00 NOTE
r-release-windows-x86_64 3.1.2 102.00 292.00 394.00 OK
r-oldrel-macos-arm64 3.1.2 86.00 NOTE
r-oldrel-macos-x86_64 3.1.2 131.00 NOTE
r-oldrel-windows-ix86+x86_64 3.1.2 96.00 300.00 396.00 NOTE

Check Details

Version: 3.1.2
Check: package dependencies
Result: NOTE
    Package suggested but not available for checking: ‘rhdf5’
Flavor: r-release-macos-arm64

Version: 3.1.2
Check: installed package size
Result: NOTE
     installed size is 5.2Mb
     sub-directories of 1Mb or more:
     data 1.3Mb
     libs 1.6Mb
Flavors: r-release-macos-arm64, r-release-macos-x86_64, r-oldrel-macos-arm64, r-oldrel-macos-x86_64, r-oldrel-windows-ix86+x86_64

Version: 3.1.2
Check: package dependencies
Result: NOTE
    Package suggested but not available for checking: ‘staplr’
Flavor: r-release-macos-x86_64