CRAN Package Check Results for Package hacksaw

Last updated on 2022-06-24 11:52:09 CEST.

Flavor Version Tinstall Tcheck Ttotal Status Flags
r-devel-linux-x86_64-debian-clang 0.0.2 2.39 28.13 30.52 NOTE
r-devel-linux-x86_64-debian-gcc 0.0.2 1.82 21.86 23.68 NOTE
r-devel-linux-x86_64-fedora-clang 0.0.2 47.66 NOTE
r-devel-linux-x86_64-fedora-gcc 0.0.2 46.58 NOTE
r-devel-windows-x86_64 0.0.2 15.00 55.00 70.00 NOTE
r-patched-linux-x86_64 0.0.2 1.69 28.05 29.74 NOTE
r-release-linux-x86_64 0.0.2 1.91 27.63 29.54 NOTE
r-release-macos-arm64 0.0.2 17.00 NOTE
r-release-macos-x86_64 0.0.2 29.00 NOTE
r-release-windows-x86_64 0.0.2 12.00 53.00 65.00 NOTE
r-oldrel-macos-arm64 0.0.2 23.00 NOTE
r-oldrel-macos-x86_64 0.0.2 27.00 NOTE
r-oldrel-windows-ix86+x86_64 0.0.2 6.00 43.00 49.00 NOTE

Check Details

Version: 0.0.2
Check: LazyData
Result: NOTE
     'LazyData' is specified without a 'data' directory
Flavors: r-devel-linux-x86_64-debian-clang, r-devel-linux-x86_64-debian-gcc, r-devel-linux-x86_64-fedora-clang, r-devel-linux-x86_64-fedora-gcc, r-devel-windows-x86_64, r-patched-linux-x86_64, r-release-linux-x86_64, r-release-macos-arm64, r-release-macos-x86_64, r-release-windows-x86_64, r-oldrel-macos-arm64, r-oldrel-macos-x86_64, r-oldrel-windows-ix86+x86_64