Last updated on 2025-02-01 12:48:27 CET.
Flavor | Version | Tinstall | Tcheck | Ttotal | Status | Flags |
---|---|---|---|---|---|---|
r-devel-linux-x86_64-debian-clang | 0.0.2 | 1.66 | 22.38 | 24.04 | OK | |
r-devel-linux-x86_64-debian-gcc | 0.0.2 | 1.57 | 17.31 | 18.88 | OK | |
r-devel-linux-x86_64-fedora-clang | 0.0.2 | 40.78 | OK | |||
r-devel-linux-x86_64-fedora-gcc | 0.0.2 | 35.78 | OK | |||
r-devel-windows-x86_64 | 0.0.2 | 3.00 | 46.00 | 49.00 | OK | |
r-patched-linux-x86_64 | 0.0.2 | 1.64 | 21.15 | 22.79 | NOTE | |
r-release-linux-x86_64 | 0.0.2 | 1.63 | 20.90 | 22.53 | NOTE | |
r-release-macos-arm64 | 0.0.2 | 17.00 | NOTE | |||
r-release-macos-x86_64 | 0.0.2 | 24.00 | NOTE | |||
r-release-windows-x86_64 | 0.0.2 | 4.00 | 45.00 | 49.00 | NOTE | |
r-oldrel-macos-arm64 | 0.0.2 | 19.00 | NOTE | |||
r-oldrel-macos-x86_64 | 0.0.2 | 24.00 | NOTE | |||
r-oldrel-windows-x86_64 | 0.0.2 | 5.00 | 48.00 | 53.00 | NOTE |
Version: 0.0.2
Check: LazyData
Result: NOTE
'LazyData' is specified without a 'data' directory
Flavors: r-patched-linux-x86_64, r-release-linux-x86_64, r-release-macos-arm64, r-release-macos-x86_64, r-release-windows-x86_64, r-oldrel-macos-arm64, r-oldrel-macos-x86_64, r-oldrel-windows-x86_64