Last updated on 2024-04-26 12:54:35 CEST.
Flavor | Version | Tinstall | Tcheck | Ttotal | Status | Flags |
---|---|---|---|---|---|---|
r-devel-linux-x86_64-debian-clang | 0.1.0 | 2.60 | 39.07 | 41.67 | NOTE | |
r-devel-linux-x86_64-debian-gcc | 0.1.0 | 2.13 | 29.13 | 31.26 | NOTE | |
r-devel-linux-x86_64-fedora-clang | 0.1.0 | 52.49 | NOTE | |||
r-devel-linux-x86_64-fedora-gcc | 0.1.0 | 62.64 | NOTE | |||
r-devel-windows-x86_64 | 0.1.0 | 4.00 | 64.00 | 68.00 | NOTE | |
r-patched-linux-x86_64 | 0.1.0 | 3.45 | 37.93 | 41.38 | NOTE | |
r-release-linux-x86_64 | 0.1.0 | 2.60 | 37.15 | 39.75 | NOTE | |
r-release-macos-arm64 | 0.1.0 | 44.00 | NOTE | |||
r-release-windows-x86_64 | 0.1.0 | 4.00 | 73.00 | 77.00 | NOTE | |
r-oldrel-macos-arm64 | 0.1.0 | 41.00 | NOTE | |||
r-oldrel-macos-x86_64 | 0.1.0 | 58.00 | NOTE | |||
r-oldrel-windows-x86_64 | 0.1.0 | 5.00 | 77.00 | 82.00 | NOTE |
Version: 0.1.0
Check: LazyData
Result: NOTE
'LazyData' is specified without a 'data' directory
Flavors: r-devel-linux-x86_64-debian-clang, r-devel-linux-x86_64-debian-gcc, r-devel-linux-x86_64-fedora-clang, r-devel-linux-x86_64-fedora-gcc, r-devel-windows-x86_64, r-patched-linux-x86_64, r-release-linux-x86_64, r-release-macos-arm64, r-release-windows-x86_64, r-oldrel-macos-arm64, r-oldrel-macos-x86_64, r-oldrel-windows-x86_64