Last updated on 2022-06-27 11:50:45 CEST.
Flavor | Version | Tinstall | Tcheck | Ttotal | Status | Flags |
---|---|---|---|---|---|---|
r-devel-linux-x86_64-debian-clang | 1.1.1 | 37.70 | 186.08 | 223.78 | NOTE | |
r-devel-linux-x86_64-debian-gcc | 1.1.1 | 33.95 | 136.11 | 170.06 | NOTE | |
r-devel-linux-x86_64-fedora-clang | 1.1.1 | 280.05 | NOTE | |||
r-devel-linux-x86_64-fedora-gcc | 1.1.1 | 278.58 | NOTE | |||
r-devel-windows-x86_64 | 1.1.1 | 161.00 | 210.00 | 371.00 | NOTE | |
r-patched-linux-x86_64 | 1.1.1 | 38.78 | 174.28 | 213.06 | NOTE | |
r-release-linux-x86_64 | 1.1.1 | 25.46 | 176.47 | 201.93 | NOTE | |
r-release-macos-arm64 | 1.1.1 | 68.00 | NOTE | |||
r-release-macos-x86_64 | 1.1.1 | 147.00 | NOTE | |||
r-release-windows-x86_64 | 1.1.1 | 164.00 | 214.00 | 378.00 | NOTE | |
r-oldrel-macos-arm64 | 1.1.1 | 82.00 | NOTE | |||
r-oldrel-macos-x86_64 | 1.1.1 | 120.00 | NOTE | |||
r-oldrel-windows-ix86+x86_64 | 1.1.1 | 73.00 | 238.00 | 311.00 | NOTE |
Version: 1.1.1
Check: for GNU extensions in Makefiles
Result: NOTE
GNU make is a SystemRequirements.
Flavors: r-devel-linux-x86_64-debian-clang, r-devel-linux-x86_64-debian-gcc, r-devel-linux-x86_64-fedora-clang, r-devel-linux-x86_64-fedora-gcc, r-devel-windows-x86_64, r-patched-linux-x86_64, r-release-linux-x86_64, r-release-macos-arm64, r-release-macos-x86_64, r-release-windows-x86_64, r-oldrel-macos-arm64, r-oldrel-macos-x86_64, r-oldrel-windows-ix86+x86_64
Version: 1.1.1
Check: installed package size
Result: NOTE
installed size is 5.3Mb
sub-directories of 1Mb or more:
R 3.0Mb
extdata 1.2Mb
Flavors: r-release-macos-arm64, r-oldrel-macos-arm64