CRAN Package Check Results for Package gvcR

Last updated on 2024-02-24 11:49:28 CET.

Flavor Version Tinstall Tcheck Ttotal Status Flags
r-devel-linux-x86_64-debian-clang 0.1.0 15.88 126.58 142.46 NOTE
r-devel-linux-x86_64-debian-gcc 0.1.0 12.60 95.91 108.51 NOTE
r-devel-linux-x86_64-fedora-clang 0.1.0 177.75 NOTE
r-devel-linux-x86_64-fedora-gcc 0.1.0 174.40 NOTE
r-devel-windows-x86_64 0.1.0 15.00 102.00 117.00 NOTE
r-patched-linux-x86_64 0.1.0 14.31 124.15 138.46 NOTE
r-release-linux-x86_64 0.1.0 15.59 121.01 136.60 NOTE
r-release-macos-arm64 0.1.0 48.00 NOTE
r-release-macos-x86_64 0.1.0 76.00 NOTE
r-release-windows-x86_64 0.1.0 20.00 122.00 142.00 NOTE
r-oldrel-macos-arm64 0.1.0 49.00 NOTE
r-oldrel-windows-x86_64 0.1.0 21.00 129.00 150.00 NOTE

Check Details

Version: 0.1.0
Check: LazyData
Result: NOTE 'LazyData' is specified without a 'data' directory Flavors: r-devel-linux-x86_64-debian-clang, r-devel-linux-x86_64-debian-gcc, r-devel-linux-x86_64-fedora-clang, r-devel-linux-x86_64-fedora-gcc, r-devel-windows-x86_64, r-patched-linux-x86_64, r-release-linux-x86_64, r-release-macos-arm64, r-release-macos-x86_64, r-release-windows-x86_64, r-oldrel-macos-arm64, r-oldrel-windows-x86_64