Last updated on 2024-03-29 09:55:25 CET.
Flavor | Version | Tinstall | Tcheck | Ttotal | Status | Flags |
---|---|---|---|---|---|---|
r-devel-linux-x86_64-debian-clang | 0.1.0 | 16.19 | 123.59 | 139.78 | NOTE | |
r-devel-linux-x86_64-debian-gcc | 0.1.0 | 11.54 | 93.33 | 104.87 | NOTE | |
r-devel-linux-x86_64-fedora-clang | 0.1.0 | 196.65 | NOTE | |||
r-devel-linux-x86_64-fedora-gcc | 0.1.0 | 176.60 | NOTE | |||
r-devel-windows-x86_64 | 0.1.0 | 14.00 | 100.00 | 114.00 | NOTE | |
r-patched-linux-x86_64 | 0.1.0 | 14.78 | 120.41 | 135.19 | NOTE | |
r-release-linux-x86_64 | 0.1.0 | 14.56 | 122.87 | 137.43 | NOTE | |
r-release-macos-arm64 | 0.1.0 | 48.00 | NOTE | |||
r-release-macos-x86_64 | 0.1.0 | 76.00 | NOTE | |||
r-release-windows-x86_64 | 0.1.0 | 17.00 | 122.00 | 139.00 | NOTE | |
r-oldrel-macos-arm64 | 0.1.0 | 49.00 | NOTE | |||
r-oldrel-windows-x86_64 | 0.1.0 | 19.00 | 130.00 | 149.00 | NOTE |
Version: 0.1.0
Check: LazyData
Result: NOTE
'LazyData' is specified without a 'data' directory
Flavors: r-devel-linux-x86_64-debian-clang, r-devel-linux-x86_64-debian-gcc, r-devel-linux-x86_64-fedora-clang, r-devel-linux-x86_64-fedora-gcc, r-devel-windows-x86_64, r-patched-linux-x86_64, r-release-linux-x86_64, r-release-macos-arm64, r-release-macos-x86_64, r-release-windows-x86_64, r-oldrel-macos-arm64, r-oldrel-windows-x86_64