CRAN Package Check Results for Package guaguas

Last updated on 2022-06-28 12:52:25 CEST.

Flavor Version Tinstall Tcheck Ttotal Status Flags
r-devel-linux-x86_64-debian-clang 0.3.0 21.74 37.25 58.99 OK
r-devel-linux-x86_64-debian-gcc 0.3.0 18.84 29.13 47.97 OK
r-devel-linux-x86_64-fedora-clang 0.3.0 88.56 NOTE
r-devel-linux-x86_64-fedora-gcc 0.3.0 85.78 NOTE
r-devel-windows-x86_64 0.3.0 26.00 61.00 87.00 OK
r-patched-linux-x86_64 0.3.0 22.88 35.96 58.84 OK
r-release-linux-x86_64 0.3.0 21.46 37.02 58.48 OK
r-release-macos-arm64 0.3.0 35.00 NOTE
r-release-macos-x86_64 0.3.0 44.00 NOTE
r-release-windows-x86_64 0.3.0 28.00 62.00 90.00 OK
r-oldrel-macos-arm64 0.3.0 36.00 NOTE
r-oldrel-macos-x86_64 0.3.0 41.00 NOTE
r-oldrel-windows-ix86+x86_64 0.3.0 36.00 57.00 93.00 OK

Check Details

Version: 0.3.0
Check: data for non-ASCII characters
Result: NOTE
     Note: found 42384 marked UTF-8 strings
Flavors: r-devel-linux-x86_64-fedora-clang, r-devel-linux-x86_64-fedora-gcc, r-release-macos-arm64, r-release-macos-x86_64, r-oldrel-macos-arm64, r-oldrel-macos-x86_64