CRAN Package Check Results for Package gtrendsR

Last updated on 2022-11-30 10:51:40 CET.

Flavor Version Tinstall Tcheck Ttotal Status Flags
r-devel-linux-x86_64-debian-clang 1.5.1 8.77 60.15 68.92 OK
r-devel-linux-x86_64-debian-gcc 1.5.1 6.32 45.87 52.19 OK
r-devel-linux-x86_64-fedora-clang 1.5.1 96.90 NOTE
r-devel-linux-x86_64-fedora-gcc 1.5.1 92.52 NOTE
r-devel-windows-x86_64 1.5.1 24.00 87.00 111.00 OK
r-patched-linux-x86_64 1.5.1 7.86 57.63 65.49 OK
r-release-linux-x86_64 1.5.1 7.08 57.43 64.51 OK
r-release-macos-arm64 1.5.1 34.00 NOTE
r-release-macos-x86_64 1.5.1 42.00 NOTE
r-release-windows-x86_64 1.5.1 23.00 88.00 111.00 OK
r-oldrel-macos-arm64 1.5.1 33.00 NOTE
r-oldrel-macos-x86_64 1.5.1 38.00 NOTE
r-oldrel-windows-ix86+x86_64 1.5.1 19.00 80.00 99.00 OK

Check Details

Version: 1.5.1
Check: data for non-ASCII characters
Result: NOTE
     Note: found 269 marked UTF-8 strings
Flavors: r-devel-linux-x86_64-fedora-clang, r-devel-linux-x86_64-fedora-gcc, r-release-macos-arm64, r-release-macos-x86_64, r-oldrel-macos-arm64, r-oldrel-macos-x86_64