Last updated on 2022-06-25 10:53:04 CEST.
Flavor | Version | Tinstall | Tcheck | Ttotal | Status | Flags |
---|---|---|---|---|---|---|
r-devel-linux-x86_64-debian-clang | 1.5.1 | 9.21 | 60.80 | 70.01 | OK | |
r-devel-linux-x86_64-debian-gcc | 1.5.1 | 6.79 | 45.92 | 52.71 | OK | |
r-devel-linux-x86_64-fedora-clang | 1.5.1 | 92.67 | NOTE | |||
r-devel-linux-x86_64-fedora-gcc | 1.5.1 | 90.11 | NOTE | |||
r-devel-windows-x86_64 | 1.5.1 | 22.00 | 84.00 | 106.00 | OK | |
r-patched-linux-x86_64 | 1.5.1 | 7.79 | 56.92 | 64.71 | OK | |
r-release-linux-x86_64 | 1.5.1 | 7.87 | 57.71 | 65.58 | OK | |
r-release-macos-arm64 | 1.5.1 | 34.00 | NOTE | |||
r-release-macos-x86_64 | 1.5.1 | 42.00 | NOTE | |||
r-release-windows-x86_64 | 1.5.1 | 24.00 | 85.00 | 109.00 | OK | |
r-oldrel-macos-arm64 | 1.5.1 | 33.00 | NOTE | |||
r-oldrel-macos-x86_64 | 1.5.1 | 38.00 | NOTE | |||
r-oldrel-windows-ix86+x86_64 | 1.5.1 | 19.00 | 76.00 | 95.00 | OK |
Version: 1.5.1
Check: data for non-ASCII characters
Result: NOTE
Note: found 269 marked UTF-8 strings
Flavors: r-devel-linux-x86_64-fedora-clang, r-devel-linux-x86_64-fedora-gcc, r-release-macos-arm64, r-release-macos-x86_64, r-oldrel-macos-arm64, r-oldrel-macos-x86_64