Last updated on 2024-04-23 10:54:05 CEST.
Flavor | Version | Tinstall | Tcheck | Ttotal | Status | Flags |
---|---|---|---|---|---|---|
r-devel-linux-x86_64-debian-clang | 0.1.2 | 87.02 | 126.07 | 213.09 | OK | |
r-devel-linux-x86_64-debian-gcc | 0.1.2 | 67.29 | 96.02 | 163.31 | OK | |
r-devel-linux-x86_64-fedora-clang | 0.1.2 | 294.80 | NOTE | |||
r-devel-linux-x86_64-fedora-gcc | 0.1.2 | 300.60 | OK | |||
r-prerel-macos-arm64 | 0.1.2 | 70.00 | NOTE | |||
r-prerel-windows-x86_64 | 0.1.2 | 67.00 | 137.00 | 204.00 | NOTE | |
r-patched-linux-x86_64 | 0.1.2 | 86.33 | 124.47 | 210.80 | OK | |
r-release-linux-x86_64 | 0.1.2 | 82.30 | 118.47 | 200.77 | OK | |
r-release-macos-arm64 | 0.1.2 | 77.00 | NOTE | |||
r-release-macos-x86_64 | 0.1.2 | 166.00 | NOTE | |||
r-release-windows-x86_64 | 0.1.2 | 63.00 | 165.00 | 228.00 | NOTE | |
r-oldrel-macos-arm64 | 0.1.2 | 90.00 | NOTE | |||
r-oldrel-windows-x86_64 | 0.1.2 | 75.00 | 164.00 | 239.00 | NOTE |
Version: 0.1.2
Check: installed package size
Result: NOTE
installed size is 5.1Mb
sub-directories of 1Mb or more:
doc 4.2Mb
Flavors: r-devel-linux-x86_64-fedora-clang, r-prerel-macos-arm64, r-prerel-windows-x86_64, r-release-macos-arm64, r-release-macos-x86_64, r-release-windows-x86_64, r-oldrel-macos-arm64, r-oldrel-windows-x86_64