Last updated on 2025-04-29 12:52:38 CEST.
Flavor | Version | Tinstall | Tcheck | Ttotal | Status | Flags |
---|---|---|---|---|---|---|
r-devel-linux-x86_64-debian-clang | 1.1.0 | 2.15 | 21.51 | 23.66 | NOTE | |
r-devel-linux-x86_64-debian-gcc | 1.1.0 | 1.69 | 17.32 | 19.01 | NOTE | |
r-devel-linux-x86_64-fedora-clang | 1.1.0 | 35.97 | OK | |||
r-devel-linux-x86_64-fedora-gcc | 1.1.0 | 34.82 | OK | |||
r-devel-windows-x86_64 | 1.1.0 | 3.00 | 40.00 | 43.00 | OK | |
r-patched-linux-x86_64 | 1.1.0 | 2.23 | 20.77 | 23.00 | OK | |
r-release-linux-x86_64 | 1.1.0 | 1.86 | 20.63 | 22.49 | OK | |
r-release-macos-arm64 | 1.1.0 | 16.00 | OK | |||
r-release-macos-x86_64 | 1.1.0 | 26.00 | OK | |||
r-release-windows-x86_64 | 1.1.0 | 5.00 | 41.00 | 46.00 | OK | |
r-oldrel-macos-arm64 | 1.1.0 | 15.00 | OK | |||
r-oldrel-macos-x86_64 | 1.1.0 | 21.00 | OK | |||
r-oldrel-windows-x86_64 | 1.1.0 | 3.00 | 38.00 | 41.00 | OK |
Version: 1.1.0
Check: CRAN incoming feasibility
Result: NOTE
Maintainer: ‘JunhuiLi<junhuili@cau.edu.cn>’
No Authors@R field in DESCRIPTION.
Please add one, modifying
Authors@R: c(person(given = "JunhuiLi",
family = "WenxinLiu",
role = "aut"),
person(family = "JunhuiLi",
role = "cre",
email = "junhuili@cau.edu.cn"))
as necessary.
Flavors: r-devel-linux-x86_64-debian-clang, r-devel-linux-x86_64-debian-gcc