Last updated on 2023-11-28 13:50:55 CET.
Flavor | Version | Tinstall | Tcheck | Ttotal | Status | Flags |
---|---|---|---|---|---|---|
r-devel-linux-x86_64-debian-clang | 0.2.0 | 1.55 | 28.98 | 30.53 | NOTE | |
r-devel-linux-x86_64-debian-gcc | 0.2.0 | 1.56 | 22.65 | 24.21 | NOTE | |
r-devel-linux-x86_64-fedora-clang | 0.2.0 | 39.70 | OK | |||
r-devel-linux-x86_64-fedora-gcc | 0.2.0 | 49.15 | OK | |||
r-devel-windows-x86_64 | 0.2.0 | 2.00 | 45.00 | 47.00 | OK | |
r-patched-linux-x86_64 | 0.2.0 | 1.77 | 28.06 | 29.83 | OK | |
r-release-linux-x86_64 | 0.2.0 | 1.75 | 27.99 | 29.74 | OK | |
r-release-macos-arm64 | 0.2.0 | 24.00 | OK | |||
r-release-macos-x86_64 | 0.2.0 | 35.00 | OK | |||
r-release-windows-x86_64 | 0.2.0 | 4.00 | 46.00 | 50.00 | OK | |
r-oldrel-macos-arm64 | 0.2.0 | 24.00 | OK | |||
r-oldrel-macos-x86_64 | 0.2.0 | 28.00 | OK | |||
r-oldrel-windows-x86_64 | 0.2.0 | 4.00 | 51.00 | 55.00 | OK |
Version: 0.2.0
Check: Rd files
Result: NOTE
checkRd: (-1) lisiecki2005.Rd:21: Lost braces in \itemize; meant \describe ?
checkRd: (-1) lisiecki2005.Rd:22: Lost braces in \itemize; meant \describe ?
checkRd: (-1) lisiecki2005.Rd:23: Lost braces in \itemize; meant \describe ?
checkRd: (-1) spratt2016.Rd:21: Lost braces in \itemize; meant \describe ?
checkRd: (-1) spratt2016.Rd:22: Lost braces in \itemize; meant \describe ?
checkRd: (-1) spratt2016.Rd:23: Lost braces in \itemize; meant \describe ?
checkRd: (-1) spratt2016.Rd:24: Lost braces in \itemize; meant \describe ?
checkRd: (-1) spratt2016.Rd:25: Lost braces in \itemize; meant \describe ?
checkRd: (-1) spratt2016.Rd:26: Lost braces in \itemize; meant \describe ?
checkRd: (-1) spratt2016.Rd:27: Lost braces in \itemize; meant \describe ?
checkRd: (-1) spratt2016.Rd:28: Lost braces in \itemize; meant \describe ?
checkRd: (-1) spratt2016.Rd:29: Lost braces in \itemize; meant \describe ?
Flavors: r-devel-linux-x86_64-debian-clang, r-devel-linux-x86_64-debian-gcc