Last updated on 2024-05-01 12:14:24 CEST.
Flavor | Version | Tinstall | Tcheck | Ttotal | Status | Flags |
---|---|---|---|---|---|---|
r-devel-linux-x86_64-debian-clang | 1.3.0 | 17.27 | 93.25 | 110.52 | OK | |
r-devel-linux-x86_64-debian-gcc | 1.3.0 | 14.73 | 68.64 | 83.37 | OK | |
r-devel-linux-x86_64-fedora-clang | 1.3.0 | 27.14 | ERROR | |||
r-devel-linux-x86_64-fedora-gcc | 1.3.0 | 13.09 | ERROR | |||
r-devel-windows-x86_64 | 1.3.0 | 30.00 | 99.00 | 129.00 | OK | |
r-patched-linux-x86_64 | 1.2.0 | 12.61 | 87.93 | 100.54 | OK | |
r-release-linux-x86_64 | 1.3.0 | 16.32 | 88.82 | 105.14 | OK | |
r-release-macos-arm64 | 1.3.0 | 46.00 | OK | |||
r-release-macos-x86_64 | 1.3.0 | 123.00 | OK | |||
r-release-windows-x86_64 | 1.3.0 | 29.00 | 99.00 | 128.00 | OK | |
r-oldrel-macos-arm64 | 1.3.0 | 52.00 | OK | |||
r-oldrel-macos-x86_64 | 1.3.0 | 109.00 | OK | |||
r-oldrel-windows-x86_64 | 1.3.0 | 29.00 | 118.00 | 147.00 | OK |
Version: 1.3.0
Check: whether package can be installed
Result: ERROR
Installation failed.
Flavors: r-devel-linux-x86_64-fedora-clang, r-devel-linux-x86_64-fedora-gcc