Last updated on 2024-04-17 10:41:38 CEST.
Flavor | Version | Tinstall | Tcheck | Ttotal | Status | Flags |
---|---|---|---|---|---|---|
r-devel-linux-x86_64-debian-clang | 0.0.4 | 37.53 | 472.59 | 510.12 | OK | |
r-devel-linux-x86_64-debian-gcc | 0.0.4 | 30.21 | 334.65 | 364.86 | OK | |
r-devel-linux-x86_64-fedora-clang | 0.0.4 | 614.78 | OK | |||
r-devel-linux-x86_64-fedora-gcc | 0.0.4 | 600.64 | OK | |||
r-prerel-macos-arm64 | 0.0.4 | 152.00 | NOTE | |||
r-prerel-windows-x86_64 | 0.0.4 | 32.00 | 318.00 | 350.00 | OK | |
r-patched-linux-x86_64 | 0.0.4 | 34.77 | 453.87 | 488.64 | OK | |
r-release-linux-x86_64 | 0.0.4 | 28.05 | 437.35 | 465.40 | OK | |
r-release-macos-arm64 | 0.0.4 | 159.00 | NOTE | |||
r-release-macos-x86_64 | 0.0.4 | 336.00 | OK | |||
r-release-windows-x86_64 | 0.0.4 | 39.00 | 444.00 | 483.00 | OK | |
r-oldrel-macos-arm64 | 0.0.4 | 223.00 | NOTE | |||
r-oldrel-windows-x86_64 | 0.0.4 | 36.00 | 426.00 | 462.00 | OK |
Version: 0.0.4
Check: installed package size
Result: NOTE
installed size is 5.0Mb
sub-directories of 1Mb or more:
doc 1.6Mb
libs 2.4Mb
Flavors: r-prerel-macos-arm64, r-release-macos-arm64, r-oldrel-macos-arm64