CRAN Package Check Results for Package groupedSurv

Last updated on 2022-07-04 12:54:11 CEST.

Flavor Version Tinstall Tcheck Ttotal Status Flags
r-devel-linux-x86_64-debian-clang 1.0.4.2 105.40 70.60 176.00 OK
r-devel-linux-x86_64-debian-gcc 1.0.4.2 79.27 53.69 132.96 OK
r-devel-linux-x86_64-fedora-clang 1.0.4.2 267.70 NOTE
r-devel-linux-x86_64-fedora-gcc 1.0.4.2 228.83 OK
r-devel-windows-x86_64 1.0.4.2 93.00 135.00 228.00 OK
r-patched-linux-x86_64 1.0.4.2 74.11 68.67 142.78 OK
r-release-linux-x86_64 1.0.4.2 86.78 67.59 154.37 OK
r-release-macos-arm64 1.0.4.2 60.00 NOTE
r-release-macos-x86_64 1.0.4.2 83.00 NOTE
r-release-windows-x86_64 1.0.4.2 146.00 134.00 280.00 OK
r-oldrel-macos-arm64 1.0.4.2 94.00 NOTE
r-oldrel-macos-x86_64 1.0.4.2 115.00 NOTE
r-oldrel-windows-ix86+x86_64 1.0.4.2 250.00 136.00 386.00 OK

Check Details

Version: 1.0.4.2
Check: installed package size
Result: NOTE
     installed size is 7.8Mb
     sub-directories of 1Mb or more:
     libs 7.3Mb
Flavors: r-devel-linux-x86_64-fedora-clang, r-release-macos-arm64, r-release-macos-x86_64, r-oldrel-macos-arm64, r-oldrel-macos-x86_64

Version: 1.0.4.2
Check: package dependencies
Result: NOTE
    Package suggested but not available for checking: ‘snplist’
Flavors: r-release-macos-arm64, r-oldrel-macos-arm64