CRAN Package Check Results for Package groupICA

Last updated on 2022-06-30 11:53:09 CEST.

Flavor Version Tinstall Tcheck Ttotal Status Flags
r-devel-linux-x86_64-debian-clang 0.1.1 2.45 24.26 26.71 NOTE
r-devel-linux-x86_64-debian-gcc 0.1.1 1.77 18.71 20.48 NOTE
r-devel-linux-x86_64-fedora-clang 0.1.1 42.91 NOTE
r-devel-linux-x86_64-fedora-gcc 0.1.1 42.38 NOTE
r-devel-windows-x86_64 0.1.1 9.00 48.00 57.00 NOTE
r-patched-linux-x86_64 0.1.1 2.69 23.65 26.34 NOTE
r-release-linux-x86_64 0.1.1 2.02 23.71 25.73 NOTE
r-release-macos-arm64 0.1.1 15.00 NOTE
r-release-macos-x86_64 0.1.1 23.00 NOTE
r-release-windows-x86_64 0.1.1 11.00 48.00 59.00 NOTE
r-oldrel-macos-arm64 0.1.1 17.00 NOTE
r-oldrel-macos-x86_64 0.1.1 27.00 NOTE
r-oldrel-windows-ix86+x86_64 0.1.1 6.00 42.00 48.00 NOTE

Check Details

Version: 0.1.1
Check: LazyData
Result: NOTE
     'LazyData' is specified without a 'data' directory
Flavors: r-devel-linux-x86_64-debian-clang, r-devel-linux-x86_64-debian-gcc, r-devel-linux-x86_64-fedora-clang, r-devel-linux-x86_64-fedora-gcc, r-devel-windows-x86_64, r-patched-linux-x86_64, r-release-linux-x86_64, r-release-macos-arm64, r-release-macos-x86_64, r-release-windows-x86_64, r-oldrel-macos-arm64, r-oldrel-macos-x86_64, r-oldrel-windows-ix86+x86_64