Last updated on 2022-06-25 10:53:04 CEST.
Flavor | Version | Tinstall | Tcheck | Ttotal | Status | Flags |
---|---|---|---|---|---|---|
r-devel-linux-x86_64-debian-clang | 0.6 | 7.34 | 122.05 | 129.39 | OK | |
r-devel-linux-x86_64-debian-gcc | 0.6 | 4.85 | 87.20 | 92.05 | OK | |
r-devel-linux-x86_64-fedora-clang | 0.6 | 158.08 | NOTE | |||
r-devel-linux-x86_64-fedora-gcc | 0.6 | 161.36 | NOTE | |||
r-devel-windows-x86_64 | 0.6 | 45.00 | 150.00 | 195.00 | OK | |
r-patched-linux-x86_64 | 0.6 | 6.51 | 117.04 | 123.55 | OK | |
r-release-linux-x86_64 | 0.6 | 6.50 | 115.96 | 122.46 | OK | |
r-release-macos-arm64 | 0.6 | 43.00 | NOTE | |||
r-release-macos-x86_64 | 0.6 | 83.00 | NOTE | |||
r-release-windows-x86_64 | 0.6 | 81.00 | 153.00 | 234.00 | OK | |
r-oldrel-macos-arm64 | 0.6 | 49.00 | NOTE | |||
r-oldrel-macos-x86_64 | 0.6 | 80.00 | NOTE | |||
r-oldrel-windows-ix86+x86_64 | 0.6 | 17.00 | 143.00 | 160.00 | OK |
Version: 0.6
Check: dependencies in R code
Result: NOTE
Namespace in Imports field not imported from: ‘BiasedUrn’
All declared Imports should be used.
Flavors: r-devel-linux-x86_64-fedora-clang, r-devel-linux-x86_64-fedora-gcc, r-release-macos-arm64, r-release-macos-x86_64, r-oldrel-macos-arm64, r-oldrel-macos-x86_64